Last updated on 2025-05-29 11:50:27 CEST.
Flavor | Version | Tinstall | Tcheck | Ttotal | Status | Flags |
---|---|---|---|---|---|---|
r-devel-linux-x86_64-debian-clang | 0.1.9 | 2.79 | 27.30 | 30.09 | NOTE | |
r-devel-linux-x86_64-debian-gcc | 0.1.9 | 2.04 | 21.33 | 23.37 | NOTE | |
r-devel-linux-x86_64-fedora-clang | 0.1.9 | 46.99 | OK | |||
r-devel-linux-x86_64-fedora-gcc | 0.1.9 | 42.79 | OK | |||
r-devel-windows-x86_64 | 0.1.9 | 4.00 | 54.00 | 58.00 | OK | |
r-patched-linux-x86_64 | 0.1.9 | 3.49 | 25.84 | 29.33 | OK | |
r-release-linux-x86_64 | 0.1.9 | 2.45 | 25.96 | 28.41 | OK | |
r-release-macos-arm64 | 0.1.9 | 22.00 | OK | |||
r-release-macos-x86_64 | 0.1.9 | 41.00 | OK | |||
r-release-windows-x86_64 | 0.1.9 | 5.00 | 53.00 | 58.00 | OK | |
r-oldrel-macos-arm64 | 0.1.9 | 18.00 | OK | |||
r-oldrel-macos-x86_64 | 0.1.9 | 30.00 | OK | |||
r-oldrel-windows-x86_64 | 0.1.9 | 4.00 | 67.00 | 71.00 | OK |
Version: 0.1.9
Check: CRAN incoming feasibility
Result: NOTE
Maintainer: ‘Tim Bergsma <bergsmat@gmail.com>’
No Authors@R field in DESCRIPTION.
Please add one, modifying
Authors@R: person(given = "Tim",
family = "Bergsma",
role = c("aut", "cre"),
email = "bergsmat@gmail.com")
as necessary.
Flavors: r-devel-linux-x86_64-debian-clang, r-devel-linux-x86_64-debian-gcc
These binaries (installable software) and packages are in development.
They may not be fully stable and should be used with caution. We make no claims about them.