CRAN Package Check Results for Package spect

Last updated on 2025-10-23 11:50:29 CEST.

Flavor Version Tinstall Tcheck Ttotal Status Flags
r-devel-linux-x86_64-debian-clang 1.0 16.20 227.45 243.65 OK
r-devel-linux-x86_64-debian-gcc 1.0 11.90 163.39 175.29 OK
r-devel-linux-x86_64-fedora-clang 1.0 79.00 325.92 404.92 OK
r-devel-linux-x86_64-fedora-gcc 1.0 113.00 272.36 385.36 NOTE
r-devel-windows-x86_64 1.0 17.00 218.00 235.00 OK
r-patched-linux-x86_64 1.0 15.72 216.47 232.19 OK
r-release-linux-x86_64 1.0 13.76 216.12 229.88 OK
r-release-macos-arm64 1.0 5.00 69.00 74.00 OK
r-release-macos-x86_64 1.0 12.00 165.00 177.00 OK
r-release-windows-x86_64 1.0 18.00 221.00 239.00 OK
r-oldrel-macos-arm64 1.0 7.00 101.00 108.00 OK
r-oldrel-macos-x86_64 1.0 13.00 151.00 164.00 OK
r-oldrel-windows-x86_64 1.0 24.00 290.00 314.00 OK

Check Details

Version: 1.0
Check: R code for possible problems
Result: NOTE Failed to query server: Connection timed out Flavor: r-devel-linux-x86_64-fedora-gcc

These binaries (installable software) and packages are in development.
They may not be fully stable and should be used with caution. We make no claims about them.