Last updated on 2024-07-27 15:50:34 CEST.
Flavor | Version | Tinstall | Tcheck | Ttotal | Status | Flags |
---|---|---|---|---|---|---|
r-devel-linux-x86_64-debian-clang | 0.5-4 | 22.44 | 278.13 | 300.57 | NOTE | |
r-devel-linux-x86_64-debian-gcc | 0.5-4 | NOTE | ||||
r-devel-linux-x86_64-fedora-clang | 0.5-4 | 376.74 | NOTE | |||
r-devel-linux-x86_64-fedora-gcc | 0.5-4 | 374.38 | NOTE | |||
r-devel-windows-x86_64 | 0.5-4 | 19.00 | 227.00 | 246.00 | NOTE | |
r-patched-linux-x86_64 | 0.5-4 | NOTE | ||||
r-release-linux-x86_64 | 0.5-4 | 13.88 | 261.17 | 275.05 | NOTE | |
r-release-macos-arm64 | 0.5-4 | 112.00 | NOTE | |||
r-release-macos-x86_64 | 0.5-4 | 180.00 | NOTE | |||
r-release-windows-x86_64 | 0.5-4 | 20.00 | 230.00 | 250.00 | NOTE | |
r-oldrel-macos-arm64 | 0.5-4 | 105.00 | OK | |||
r-oldrel-macos-x86_64 | 0.5-4 | 276.00 | OK | |||
r-oldrel-windows-x86_64 | 0.5-4 | 25.00 | 278.00 | 303.00 | OK |
Version: 0.5-4
Check: Rd files
Result: NOTE
checkRd: (-1) australia.Rd:15: Lost braces in \itemize; meant \describe ?
checkRd: (-1) australia.Rd:16: Lost braces in \itemize; meant \describe ?
checkRd: (-1) australia.Rd:17: Lost braces in \itemize; meant \describe ?
checkRd: (-1) australia.Rd:18: Lost braces in \itemize; meant \describe ?
checkRd: (-1) australia.Rd:19: Lost braces in \itemize; meant \describe ?
Flavors: r-devel-linux-x86_64-debian-clang, r-devel-linux-x86_64-debian-gcc, r-devel-linux-x86_64-fedora-clang, r-devel-linux-x86_64-fedora-gcc, r-devel-windows-x86_64, r-patched-linux-x86_64, r-release-linux-x86_64, r-release-macos-arm64, r-release-macos-x86_64, r-release-windows-x86_64
Version: 0.5-4
Check: Rd cross-references
Result: NOTE
Found the following Rd file(s) with Rd \link{} targets missing package
anchors:
continuum_removal.Rd: baseline
Please provide package anchors for all Rd \link{} targets not in the
package itself and the base packages.
Flavors: r-devel-linux-x86_64-debian-gcc, r-devel-windows-x86_64
These binaries (installable software) and packages are in development.
They may not be fully stable and should be used with caution. We make no claims about them.