CRAN Package Check Results for Package spectacles

Last updated on 2025-02-16 08:51:01 CET.

Flavor Version Tinstall Tcheck Ttotal Status Flags
r-devel-linux-x86_64-debian-clang 0.5-4 18.45 214.96 233.41 NOTE
r-devel-linux-x86_64-debian-gcc 0.5-4 12.15 154.60 166.75 NOTE
r-devel-linux-x86_64-fedora-clang 0.5-4 376.23 NOTE
r-devel-linux-x86_64-fedora-gcc 0.5-4 363.39 NOTE
r-devel-macos-arm64 0.5-4 119.00 NOTE
r-devel-macos-x86_64 0.5-4 247.00 NOTE
r-devel-windows-x86_64 0.5-4 19.00 220.00 239.00 NOTE
r-patched-linux-x86_64 0.5-4 20.80 199.03 219.83 NOTE
r-release-linux-x86_64 0.5-4 16.93 199.56 216.49 NOTE
r-release-macos-arm64 0.5-4 112.00 NOTE
r-release-macos-x86_64 0.5-4 180.00 NOTE
r-release-windows-x86_64 0.5-4 18.00 232.00 250.00 NOTE
r-oldrel-macos-arm64 0.5-4 105.00 OK
r-oldrel-macos-x86_64 0.5-4 276.00 OK
r-oldrel-windows-x86_64 0.5-4 25.00 262.00 287.00 OK

Check Details

Version: 0.5-4
Check: Rd files
Result: NOTE checkRd: (-1) australia.Rd:15: Lost braces in \itemize; meant \describe ? checkRd: (-1) australia.Rd:16: Lost braces in \itemize; meant \describe ? checkRd: (-1) australia.Rd:17: Lost braces in \itemize; meant \describe ? checkRd: (-1) australia.Rd:18: Lost braces in \itemize; meant \describe ? checkRd: (-1) australia.Rd:19: Lost braces in \itemize; meant \describe ? Flavors: r-devel-linux-x86_64-debian-clang, r-devel-linux-x86_64-debian-gcc, r-devel-linux-x86_64-fedora-clang, r-devel-linux-x86_64-fedora-gcc, r-devel-macos-arm64, r-devel-macos-x86_64, r-devel-windows-x86_64, r-patched-linux-x86_64, r-release-linux-x86_64, r-release-macos-arm64, r-release-macos-x86_64, r-release-windows-x86_64

Version: 0.5-4
Check: Rd cross-references
Result: NOTE Found the following Rd file(s) with Rd \link{} targets missing package anchors: continuum_removal.Rd: baseline Please provide package anchors for all Rd \link{} targets not in the package itself and the base packages. Flavors: r-devel-linux-x86_64-debian-clang, r-devel-linux-x86_64-debian-gcc, r-devel-windows-x86_64

These binaries (installable software) and packages are in development.
They may not be fully stable and should be used with caution. We make no claims about them.