Last updated on 2025-11-11 15:50:48 CET.
| Flavor | Version | Tinstall | Tcheck | Ttotal | Status | Flags |
|---|---|---|---|---|---|---|
| r-devel-linux-x86_64-debian-clang | 2.0 | 4.16 | 37.16 | 41.32 | NOTE | |
| r-devel-linux-x86_64-debian-gcc | 2.0 | 2.62 | 28.22 | 30.84 | NOTE | |
| r-devel-linux-x86_64-fedora-clang | 2.0 | 62.01 | OK | |||
| r-devel-linux-x86_64-fedora-gcc | 2.0 | 20.00 | 43.31 | 63.31 | OK | |
| r-devel-windows-x86_64 | 2.0 | 4.00 | 61.00 | 65.00 | OK | |
| r-patched-linux-x86_64 | 2.0 | 4.03 | 35.16 | 39.19 | OK | |
| r-release-linux-x86_64 | 2.0 | 3.69 | 35.19 | 38.88 | OK | |
| r-release-macos-arm64 | 2.0 | 2.00 | 20.00 | 22.00 | OK | |
| r-release-macos-x86_64 | 2.0 | 4.00 | 33.00 | 37.00 | OK | |
| r-release-windows-x86_64 | 2.0 | 4.00 | 62.00 | 66.00 | OK | |
| r-oldrel-macos-arm64 | 2.0 | 2.00 | 19.00 | 21.00 | OK | |
| r-oldrel-macos-x86_64 | 2.0 | 3.00 | 25.00 | 28.00 | OK | |
| r-oldrel-windows-x86_64 | 2.0 | 5.00 | 69.00 | 74.00 | OK |
Version: 2.0
Check: CRAN incoming feasibility
Result: NOTE
Maintainer: ‘Martin Seilmayer <martin.seilmayer@gmail.com>’
No Authors@R field in DESCRIPTION.
Please add one, modifying
Authors@R: person(given = "Martin",
family = "Seilmayer",
role = c("aut", "cre"),
email = "martin.seilmayer@gmail.com")
as necessary.
Flavors: r-devel-linux-x86_64-debian-clang, r-devel-linux-x86_64-debian-gcc
These binaries (installable software) and packages are in development.
They may not be fully stable and should be used with caution. We make no claims about them.