Last updated on 2024-07-27 15:50:34 CEST.
Flavor | Version | Tinstall | Tcheck | Ttotal | Status | Flags |
---|---|---|---|---|---|---|
r-devel-linux-x86_64-debian-clang | 4.3.3 | 24.14 | 279.78 | 303.92 | OK | |
r-devel-linux-x86_64-debian-gcc | 4.3.3 | OK | ||||
r-devel-linux-x86_64-fedora-clang | 4.3.3 | 335.26 | NOTE | |||
r-devel-linux-x86_64-fedora-gcc | 4.3.3 | 376.22 | OK | |||
r-devel-windows-x86_64 | 4.3.3 | 19.00 | 211.00 | 230.00 | NOTE | |
r-patched-linux-x86_64 | 4.3.3 | OK | ||||
r-release-linux-x86_64 | 4.3.3 | 12.60 | 259.96 | 272.56 | OK | |
r-release-macos-arm64 | 4.3.3 | 92.00 | WARN | |||
r-release-macos-x86_64 | 4.3.3 | 176.00 | WARN | |||
r-release-windows-x86_64 | 4.3.3 | 19.00 | 194.00 | 213.00 | NOTE | |
r-oldrel-macos-arm64 | 4.3.3 | 108.00 | WARN | |||
r-oldrel-macos-x86_64 | 4.3.3 | 227.00 | WARN | |||
r-oldrel-windows-x86_64 | 4.3.3 | 24.00 | 265.00 | 289.00 | NOTE |
Version: 4.3.3
Check: installed package size
Result: NOTE
installed size is 6.1Mb
sub-directories of 1Mb or more:
doc 4.6Mb
Flavors: r-devel-linux-x86_64-fedora-clang, r-devel-windows-x86_64, r-release-macos-arm64, r-release-macos-x86_64, r-release-windows-x86_64, r-oldrel-macos-arm64, r-oldrel-macos-x86_64, r-oldrel-windows-x86_64
Version: 4.3.3
Check: for missing documentation entries
Result: WARN
Undocumented S4 methods:
generic '[' and siglist 'SpectraInTime,ANY,missing,ANY'
generic '[' and siglist 'SpectraInTime,missing,ANY,ANY'
generic '[' and siglist 'SpectraInTime,missing,missing,ANY'
generic '[' and siglist 'SpectraInTimeComp,ANY,ANY,ANY'
generic '[' and siglist 'SpectraInTimeComp,ANY,missing,ANY'
generic '[' and siglist 'SpectraInTimeComp,missing,ANY,ANY'
All user-level objects in a package (including S4 classes and methods)
should have documentation entries.
See chapter ‘Writing R documentation files’ in the ‘Writing R
Extensions’ manual.
Flavors: r-release-macos-arm64, r-release-macos-x86_64, r-oldrel-macos-arm64, r-oldrel-macos-x86_64
These binaries (installable software) and packages are in development.
They may not be fully stable and should be used with caution. We make no claims about them.