CRAN Package Check Results for Package spectre

Last updated on 2025-05-01 08:52:47 CEST.

Flavor Version Tinstall Tcheck Ttotal Status Flags
r-devel-linux-x86_64-debian-clang 1.0.2 31.45 37.89 69.34 NOTE
r-devel-linux-x86_64-debian-gcc 1.0.2 25.07 29.89 54.96 NOTE
r-devel-linux-x86_64-fedora-clang 1.0.2 121.39 NOTE
r-devel-linux-x86_64-fedora-gcc 1.0.2 140.05 NOTE
r-devel-windows-x86_64 1.0.2 42.00 82.00 124.00 NOTE
r-patched-linux-x86_64 1.0.2 38.13 35.99 74.12 NOTE
r-release-linux-x86_64 NOTE
r-release-macos-arm64 1.0.2 46.00 NOTE
r-release-macos-x86_64 1.0.2 89.00 NOTE
r-release-windows-x86_64 1.0.2 44.00 88.00 132.00 NOTE
r-oldrel-macos-arm64 1.0.2 48.00 NOTE
r-oldrel-macos-x86_64 1.0.2 62.00 NOTE
r-oldrel-windows-x86_64 1.0.2 47.00 92.00 139.00 NOTE

Check Details

Version: 1.0.2
Check: C++ specification
Result: NOTE Specified C++11: please drop specification unless essential Flavors: r-devel-linux-x86_64-debian-clang, r-devel-linux-x86_64-debian-gcc, r-devel-linux-x86_64-fedora-clang, r-devel-linux-x86_64-fedora-gcc, r-devel-windows-x86_64, r-patched-linux-x86_64, r-release-linux-x86_64, r-release-macos-arm64, r-release-macos-x86_64, r-release-windows-x86_64, r-oldrel-macos-arm64, r-oldrel-macos-x86_64, r-oldrel-windows-x86_64

Version: 1.0.2
Check: installed package size
Result: NOTE installed size is 6.9Mb sub-directories of 1Mb or more: libs 6.6Mb Flavors: r-oldrel-macos-arm64, r-oldrel-macos-x86_64

These binaries (installable software) and packages are in development.
They may not be fully stable and should be used with caution. We make no claims about them.