CRAN Package Check Results for Package spectrino

Last updated on 2025-07-01 11:49:31 CEST.

Flavor Version Tinstall Tcheck Ttotal Status Flags
r-devel-windows-x86_64 2.0.0 5.00 57.00 62.00 OK
r-release-windows-x86_64 2.0.0 5.00 60.00 65.00 OK
r-oldrel-windows-x86_64 2.0.0 6.00 62.00 68.00 NOTE

Check Details

Version: 2.0.0
Check: LazyData
Result: NOTE 'LazyData' is specified without a 'data' directory Flavor: r-oldrel-windows-x86_64

These binaries (installable software) and packages are in development.
They may not be fully stable and should be used with caution. We make no claims about them.