Last updated on 2025-10-09 23:51:26 CEST.
Flavor | Version | Tinstall | Tcheck | Ttotal | Status | Flags |
---|---|---|---|---|---|---|
r-devel-linux-x86_64-debian-clang | 0.3 | 2.75 | 39.88 | 42.63 | NOTE | |
r-devel-linux-x86_64-debian-gcc | 0.3 | 2.29 | 32.25 | 34.54 | NOTE | |
r-devel-linux-x86_64-fedora-clang | 0.3 | 63.57 | OK | |||
r-devel-linux-x86_64-fedora-gcc | 0.3 | 75.76 | OK | |||
r-devel-windows-x86_64 | 0.3 | 5.00 | 77.00 | 82.00 | OK | |
r-patched-linux-x86_64 | 0.3 | 2.88 | 39.08 | 41.96 | OK | |
r-release-linux-x86_64 | 0.3 | 2.68 | 39.33 | 42.01 | OK | |
r-release-macos-arm64 | 0.3 | 39.00 | OK | |||
r-release-macos-x86_64 | 0.3 | 59.00 | OK | |||
r-release-windows-x86_64 | 0.3 | 8.00 | 82.00 | 90.00 | OK | |
r-oldrel-macos-arm64 | 0.3 | 32.00 | OK | |||
r-oldrel-macos-x86_64 | 0.3 | 52.00 | OK | |||
r-oldrel-windows-x86_64 | 0.3 | 6.00 | 72.00 | 78.00 | OK |
Version: 0.3
Check: CRAN incoming feasibility
Result: NOTE
Maintainer: ‘Charles J. Geyer <charlie@stat.umn.edu>’
No Authors@R field in DESCRIPTION.
Please add one, modifying
Authors@R: c(person(given = c("Charles", "J."),
family = "Geyer",
role = c("aut", "cre"),
email = "charlie@stat.umn.edu"),
person(given = c("Elizabeth", "A."),
family = "Thompson",
role = "aut",
email = "eathomp@u.washington.edu"))
as necessary.
Flavors: r-devel-linux-x86_64-debian-clang, r-devel-linux-x86_64-debian-gcc
These binaries (installable software) and packages are in development.
They may not be fully stable and should be used with caution. We make no claims about them.