Last updated on 2025-02-16 08:51:01 CET.
Flavor | Version | Tinstall | Tcheck | Ttotal | Status | Flags |
---|---|---|---|---|---|---|
r-devel-linux-x86_64-debian-clang | 0.1 | 2.06 | 23.10 | 25.16 | NOTE | |
r-devel-linux-x86_64-debian-gcc | 0.1 | 1.60 | 18.35 | 19.95 | NOTE | |
r-devel-linux-x86_64-fedora-clang | 0.1 | 41.30 | NOTE | |||
r-devel-linux-x86_64-fedora-gcc | 0.1 | 39.04 | NOTE | |||
r-devel-macos-arm64 | 0.1 | 16.00 | OK | |||
r-devel-macos-x86_64 | 0.1 | 27.00 | NOTE | |||
r-devel-windows-x86_64 | 0.1 | 4.00 | 43.00 | 47.00 | NOTE | |
r-patched-linux-x86_64 | 0.1 | 2.11 | 22.47 | 24.58 | OK | |
r-release-linux-x86_64 | 0.1 | 2.02 | 22.29 | 24.31 | OK | |
r-release-macos-arm64 | 0.1 | 16.00 | OK | |||
r-release-macos-x86_64 | 0.1 | 30.00 | OK | |||
r-release-windows-x86_64 | 0.1 | 3.00 | 43.00 | 46.00 | OK | |
r-oldrel-macos-arm64 | 0.1 | 30.00 | OK | |||
r-oldrel-macos-x86_64 | 0.1 | 40.00 | OK | |||
r-oldrel-windows-x86_64 | 0.1 | 6.00 | 49.00 | 55.00 | OK |
Version: 0.1
Check: DESCRIPTION meta-information
Result: NOTE
Missing dependency on R >= 4.1.0 because package code uses the pipe
|> or function shorthand \(...) syntax added in R 4.1.0.
File(s) using such syntax:
‘innprod.R’ ‘utils.R’
Flavors: r-devel-linux-x86_64-debian-clang, r-devel-linux-x86_64-debian-gcc, r-devel-linux-x86_64-fedora-clang, r-devel-linux-x86_64-fedora-gcc, r-devel-macos-x86_64, r-devel-windows-x86_64
These binaries (installable software) and packages are in development.
They may not be fully stable and should be used with caution. We make no claims about them.