Last updated on 2025-02-16 08:51:01 CET.
Flavor | Version | Tinstall | Tcheck | Ttotal | Status | Flags |
---|---|---|---|---|---|---|
r-devel-linux-x86_64-debian-clang | 2.0.0 | 2.76 | 24.93 | 27.69 | OK | |
r-devel-linux-x86_64-debian-gcc | 2.0.0 | 1.99 | 20.16 | 22.15 | OK | |
r-devel-linux-x86_64-fedora-clang | 2.0.0 | 44.22 | NOTE | |||
r-devel-linux-x86_64-fedora-gcc | 2.0.0 | 41.16 | NOTE | |||
r-devel-macos-arm64 | 2.0.0 | 18.00 | OK | |||
r-devel-macos-x86_64 | 2.0.0 | 32.00 | OK | |||
r-devel-windows-x86_64 | 2.0.0 | 4.00 | 58.00 | 62.00 | OK | |
r-patched-linux-x86_64 | 2.0.0 | 2.72 | 23.86 | 26.58 | OK | |
r-release-linux-x86_64 | 2.0.0 | 2.10 | 24.08 | 26.18 | OK | |
r-release-macos-arm64 | 2.0.0 | 18.00 | OK | |||
r-release-macos-x86_64 | 2.0.0 | 27.00 | OK | |||
r-release-windows-x86_64 | 2.0.0 | 4.00 | 53.00 | 57.00 | OK | |
r-oldrel-macos-arm64 | 2.0.0 | 23.00 | OK | |||
r-oldrel-macos-x86_64 | 2.0.0 | 34.00 | OK | |||
r-oldrel-windows-x86_64 | 2.0.0 | 5.00 | 52.00 | 57.00 | OK |
Version: 2.0.0
Check: dependencies in R code
Result: NOTE
Namespaces in Imports field not imported from:
‘glue’ ‘httptest’
All declared Imports should be used.
Flavors: r-devel-linux-x86_64-fedora-clang, r-devel-linux-x86_64-fedora-gcc
These binaries (installable software) and packages are in development.
They may not be fully stable and should be used with caution. We make no claims about them.