CRAN Package Check Results for Package speechbr

Last updated on 2025-05-21 23:48:57 CEST.

Flavor Version Tinstall Tcheck Ttotal Status Flags
r-devel-linux-x86_64-debian-clang 2.0.0 2.65 26.59 29.24 OK
r-devel-linux-x86_64-debian-gcc 2.0.0 1.93 21.85 23.78 OK
r-devel-linux-x86_64-fedora-clang 2.0.0 44.44 NOTE
r-devel-linux-x86_64-fedora-gcc 2.0.0 41.67 NOTE
r-devel-windows-x86_64 2.0.0 6.00 55.00 61.00 OK
r-patched-linux-x86_64 2.0.0 2.75 24.69 27.44 OK
r-release-linux-x86_64 2.0.0 2.56 24.62 27.18 OK
r-release-macos-arm64 2.0.0 18.00 OK
r-release-macos-x86_64 2.0.0 32.00 OK
r-release-windows-x86_64 2.0.0 5.00 51.00 56.00 OK
r-oldrel-macos-arm64 2.0.0 18.00 OK
r-oldrel-macos-x86_64 2.0.0 27.00 OK
r-oldrel-windows-x86_64 2.0.0 5.00 55.00 60.00 OK

Check Details

Version: 2.0.0
Check: dependencies in R code
Result: NOTE Namespaces in Imports field not imported from: ‘glue’ ‘httptest’ All declared Imports should be used. Flavors: r-devel-linux-x86_64-fedora-clang, r-devel-linux-x86_64-fedora-gcc

These binaries (installable software) and packages are in development.
They may not be fully stable and should be used with caution. We make no claims about them.