Last updated on 2025-10-03 07:49:57 CEST.
Flavor | Version | Tinstall | Tcheck | Ttotal | Status | Flags |
---|---|---|---|---|---|---|
r-devel-linux-x86_64-debian-clang | 1.0.4 | 50.94 | 212.26 | 263.20 | NOTE | |
r-devel-linux-x86_64-debian-gcc | 1.0.4 | 33.55 | 151.36 | 184.91 | NOTE | |
r-devel-linux-x86_64-fedora-clang | 1.0.4 | 423.04 | NOTE | |||
r-devel-linux-x86_64-fedora-gcc | 1.0.4 | 400.05 | NOTE | |||
r-devel-windows-x86_64 | 1.0.4 | 56.00 | 213.00 | 269.00 | NOTE | |
r-patched-linux-x86_64 | 1.0.4 | 42.50 | 200.86 | 243.36 | NOTE | |
r-release-linux-x86_64 | 1.0.4 | 44.56 | 202.06 | 246.62 | NOTE | |
r-release-macos-arm64 | 1.0.4 | 101.00 | NOTE | |||
r-release-macos-x86_64 | 1.0.4 | 207.00 | NOTE | |||
r-release-windows-x86_64 | 1.0.4 | 54.00 | 204.00 | 258.00 | NOTE | |
r-oldrel-macos-arm64 | 1.0.4 | 101.00 | OK | |||
r-oldrel-macos-x86_64 | 1.0.4 | 165.00 | OK | |||
r-oldrel-windows-x86_64 | 1.0.4 | 72.00 | 273.00 | 345.00 | OK |
Version: 1.0.4
Check: DESCRIPTION meta-information
Result: NOTE
Missing dependency on R >= 4.1.0 because package code uses the pipe
|> or function shorthand \(...) syntax added in R 4.1.0.
File(s) using such syntax:
‘import_qiime2_tax_table.R’ ‘import_sintax_tax_table.R’
Flavors: r-devel-linux-x86_64-debian-clang, r-devel-linux-x86_64-debian-gcc, r-devel-linux-x86_64-fedora-clang, r-devel-linux-x86_64-fedora-gcc, r-devel-windows-x86_64, r-patched-linux-x86_64, r-release-linux-x86_64, r-release-macos-arm64, r-release-macos-x86_64, r-release-windows-x86_64
These binaries (installable software) and packages are in development.
They may not be fully stable and should be used with caution. We make no claims about them.