CRAN Package Check Results for Package spellcheckr

Last updated on 2025-07-01 11:49:31 CEST.

Flavor Version Tinstall Tcheck Ttotal Status Flags
r-devel-linux-x86_64-debian-clang 0.1.2 5.93 35.90 41.83 NOTE
r-devel-linux-x86_64-debian-gcc 0.1.2 3.70 27.11 30.81 NOTE
r-devel-linux-x86_64-fedora-clang 0.1.2 64.33 OK
r-devel-linux-x86_64-fedora-gcc 0.1.2 59.37 OK
r-devel-windows-x86_64 0.1.2 7.00 58.00 65.00 OK
r-patched-linux-x86_64 OK
r-release-linux-x86_64 0.1.2 5.05 34.15 39.20 OK
r-release-macos-arm64 0.1.2 26.00 OK
r-release-macos-x86_64 0.1.2 39.00 OK
r-release-windows-x86_64 0.1.2 6.00 66.00 72.00 OK
r-oldrel-macos-arm64 0.1.2 26.00 OK
r-oldrel-macos-x86_64 0.1.2 43.00 OK
r-oldrel-windows-x86_64 0.1.2 9.00 66.00 75.00 OK

Check Details

Version: 0.1.2
Check: CRAN incoming feasibility
Result: NOTE Maintainer: ‘Selva Prabhakaran <selva86@gmail.com>’ No Authors@R field in DESCRIPTION. Please add one, modifying Authors@R: person(given = "Selva", family = "Prabhakaran", role = c("aut", "cre"), email = "selva86@gmail.com") as necessary. Flavors: r-devel-linux-x86_64-debian-clang, r-devel-linux-x86_64-debian-gcc

These binaries (installable software) and packages are in development.
They may not be fully stable and should be used with caution. We make no claims about them.