CRAN Package Check Results for Package spellcheckr

Last updated on 2025-10-03 05:53:53 CEST.

Flavor Version Tinstall Tcheck Ttotal Status Flags
r-devel-linux-x86_64-debian-clang 0.1.2 5.06 38.25 43.31 NOTE
r-devel-linux-x86_64-debian-gcc 0.1.2 3.99 28.52 32.51 NOTE
r-devel-linux-x86_64-fedora-clang 0.1.2 64.69 OK
r-devel-linux-x86_64-fedora-gcc 0.1.2 59.44 OK
r-devel-windows-x86_64 0.1.2 7.00 58.00 65.00 OK
r-patched-linux-x86_64 0.1.2 5.28 35.04 40.32 OK
r-release-linux-x86_64 0.1.2 5.23 35.30 40.53 OK
r-release-macos-arm64 0.1.2 26.00 OK
r-release-macos-x86_64 0.1.2 39.00 OK
r-release-windows-x86_64 0.1.2 7.00 59.00 66.00 OK
r-oldrel-macos-arm64 0.1.2 26.00 OK
r-oldrel-macos-x86_64 0.1.2 43.00 OK
r-oldrel-windows-x86_64 0.1.2 8.00 65.00 73.00 OK

Check Details

Version: 0.1.2
Check: CRAN incoming feasibility
Result: NOTE Maintainer: ‘Selva Prabhakaran <selva86@gmail.com>’ No Authors@R field in DESCRIPTION. Please add one, modifying Authors@R: person(given = "Selva", family = "Prabhakaran", role = c("aut", "cre"), email = "selva86@gmail.com") as necessary. Flavors: r-devel-linux-x86_64-debian-clang, r-devel-linux-x86_64-debian-gcc

These binaries (installable software) and packages are in development.
They may not be fully stable and should be used with caution. We make no claims about them.