CRAN Package Check Results for Package spemd

Last updated on 2025-05-01 17:56:17 CEST.

Flavor Version Tinstall Tcheck Ttotal Status Flags
r-devel-linux-x86_64-debian-clang 0.1-1 4.83 47.85 52.68 NOTE
r-devel-linux-x86_64-debian-gcc 0.1-1 3.43 36.28 39.71 NOTE
r-devel-linux-x86_64-fedora-clang 0.1-1 84.37 NOTE
r-devel-linux-x86_64-fedora-gcc 0.1-1 92.21 NOTE
r-devel-windows-x86_64 0.1-1 6.00 64.00 70.00 OK
r-patched-linux-x86_64 0.1-1 5.36 46.50 51.86 NOTE
r-release-linux-x86_64 NOTE
r-release-macos-arm64 0.1-1 34.00 OK
r-release-macos-x86_64 0.1-1 53.00 OK
r-release-windows-x86_64 0.1-1 8.00 68.00 76.00 OK
r-oldrel-macos-arm64 0.1-1 26.00 NOTE
r-oldrel-macos-x86_64 0.1-1 41.00 NOTE
r-oldrel-windows-x86_64 0.1-1 8.00 68.00 76.00 NOTE

Check Details

Version: 0.1-1
Check: for non-standard things in the check directory
Result: NOTE Found the following files/directories: ‘.neig’ Flavors: r-devel-linux-x86_64-debian-clang, r-devel-linux-x86_64-debian-gcc, r-devel-linux-x86_64-fedora-clang, r-devel-linux-x86_64-fedora-gcc, r-patched-linux-x86_64, r-release-linux-x86_64

Version: 0.1-1
Check: LazyData
Result: NOTE 'LazyData' is specified without a 'data' directory Flavors: r-oldrel-macos-arm64, r-oldrel-macos-x86_64, r-oldrel-windows-x86_64

These binaries (installable software) and packages are in development.
They may not be fully stable and should be used with caution. We make no claims about them.