Last updated on 2025-05-01 08:52:47 CEST.
Flavor | Version | Tinstall | Tcheck | Ttotal | Status | Flags |
---|---|---|---|---|---|---|
r-devel-linux-x86_64-debian-clang | 1.5-9 | 3.03 | 44.72 | 47.75 | NOTE | |
r-devel-linux-x86_64-debian-gcc | 1.5-9 | 2.29 | 31.62 | 33.91 | NOTE | |
r-devel-linux-x86_64-fedora-clang | 1.5-9 | 73.37 | OK | |||
r-devel-linux-x86_64-fedora-gcc | 1.5-9 | 72.25 | OK | |||
r-devel-windows-x86_64 | 1.5-9 | 5.00 | 72.00 | 77.00 | OK | |
r-patched-linux-x86_64 | 1.5-9 | 3.02 | 43.07 | 46.09 | OK | |
r-release-linux-x86_64 | OK | |||||
r-release-macos-arm64 | 1.5-9 | 30.00 | OK | |||
r-release-macos-x86_64 | 1.5-9 | 56.00 | OK | |||
r-release-windows-x86_64 | 1.5-9 | 5.00 | 75.00 | 80.00 | OK | |
r-oldrel-macos-arm64 | 1.5-9 | 27.00 | OK | |||
r-oldrel-macos-x86_64 | 1.5-9 | 40.00 | OK | |||
r-oldrel-windows-x86_64 | 1.5-9 | 5.00 | 73.00 | 78.00 | OK |
Version: 1.5-9
Check: CRAN incoming feasibility
Result: NOTE
Maintainer: ‘Maximilian Lange <maximilian-lange@t-online.de>’
No Authors@R field in DESCRIPTION.
Please add one, modifying
Authors@R: c(person(given = "Maximilian",
family = "Lange",
role = c("aut", "cre"),
email = "maximilian-lange@t-online.de"),
person(given = "Sven",
family = "Lautenbach",
role = "aut"),
person(given = "Claudia",
family = "Raedig",
role = "aut"))
as necessary.
Flavors: r-devel-linux-x86_64-debian-clang, r-devel-linux-x86_64-debian-gcc
These binaries (installable software) and packages are in development.
They may not be fully stable and should be used with caution. We make no claims about them.