Last updated on 2025-02-16 08:51:01 CET.
Flavor | Version | Tinstall | Tcheck | Ttotal | Status | Flags |
---|---|---|---|---|---|---|
r-devel-linux-x86_64-debian-clang | 3.0.5 | 8.09 | 118.74 | 126.83 | NOTE | --no-vignettes |
r-devel-linux-x86_64-debian-gcc | 3.0.5 | 5.44 | 80.71 | 86.15 | NOTE | --no-vignettes |
r-devel-linux-x86_64-fedora-clang | 3.0.5 | 588.01 | NOTE | |||
r-devel-linux-x86_64-fedora-gcc | 3.0.5 | 578.39 | NOTE | |||
r-devel-macos-arm64 | 3.0.5 | 144.00 | NOTE | |||
r-devel-macos-x86_64 | 3.0.5 | 142.00 | NOTE | |||
r-devel-windows-x86_64 | 3.0.5 | 10.00 | 288.00 | 298.00 | NOTE | |
r-patched-linux-x86_64 | 3.0.5 | 8.30 | 111.70 | 120.00 | NOTE | --no-vignettes |
r-release-linux-x86_64 | 3.0.5 | 6.99 | 110.42 | 117.41 | NOTE | --no-vignettes |
r-release-macos-arm64 | 3.0.5 | 115.00 | NOTE | |||
r-release-macos-x86_64 | 3.0.5 | 202.00 | NOTE | |||
r-release-windows-x86_64 | 3.0.5 | 9.00 | 280.00 | 289.00 | NOTE | |
r-oldrel-macos-arm64 | 3.0.5 | 118.00 | OK | |||
r-oldrel-macos-x86_64 | 3.0.5 | 198.00 | OK | |||
r-oldrel-windows-x86_64 | 3.0.5 | 11.00 | 355.00 | 366.00 | OK |
Version: 3.0.5
Flags: --no-vignettes
Check: Rd files
Result: NOTE
checkRd: (-1) partition_cv.Rd:36: Lost braces; missing escapes or markup?
36 | if \code{TRUE} (used internally by other {sperrorest} functions), return a
| ^
checkRd: (-1) partition_cv_strat.Rd:28: Lost braces; missing escapes or markup?
28 | if \code{TRUE} (used internally by other {sperrorest} functions), return a
| ^
checkRd: (-1) partition_factor.Rd:28: Lost braces; missing escapes or markup?
28 | if \code{TRUE} (used internally by other {sperrorest} functions), return a
| ^
checkRd: (-1) partition_factor_cv.Rd:43: Lost braces; missing escapes or markup?
43 | if \code{TRUE} (used internally by other {sperrorest} functions), return a
| ^
checkRd: (-1) partition_kmeans.Rd:41: Lost braces; missing escapes or markup?
41 | if \code{TRUE} (used internally by other {sperrorest} functions), return a
| ^
checkRd: (-1) partition_tiles.Rd:78: Lost braces; missing escapes or markup?
78 | if \code{TRUE} (used internally by other {sperrorest} functions), return a
| ^
checkRd: (-1) sperrorest.Rd:55: Lost braces; missing escapes or markup?
55 | \code{formula} and \code{data} argument, which are provided by {sperrorest})}
| ^
checkRd: (-1) sperrorest.Rd:63: Lost braces; missing escapes or markup?
63 | {sperrorest}).}
| ^
checkRd: (-1) sperrorest.Rd:135: Lost braces; missing escapes or markup?
135 | A list (object of class {sperrorest}) with (up to) six components:
| ^
checkRd: (-1) sperrorest.Rd:148: Lost braces; missing escapes or markup?
148 | information about the {sperrorest} package version
| ^
checkRd: (-1) summary.sperroresterror.Rd:5: Lost braces; missing escapes or markup?
5 | \title{Summarize error statistics obtained by {sperrorest}}
| ^
checkRd: (-1) summary.sperrorestimportance.Rd:5: Lost braces; missing escapes or markup?
5 | \title{Summarize variable importance statistics obtained by {sperrorest}}
| ^
Flavors: r-devel-linux-x86_64-debian-clang, r-devel-linux-x86_64-debian-gcc, r-patched-linux-x86_64, r-release-linux-x86_64
Version: 3.0.5
Check: Rd files
Result: NOTE
checkRd: (-1) partition_cv.Rd:36: Lost braces; missing escapes or markup?
36 | if \code{TRUE} (used internally by other {sperrorest} functions), return a
| ^
checkRd: (-1) partition_cv_strat.Rd:28: Lost braces; missing escapes or markup?
28 | if \code{TRUE} (used internally by other {sperrorest} functions), return a
| ^
checkRd: (-1) partition_factor.Rd:28: Lost braces; missing escapes or markup?
28 | if \code{TRUE} (used internally by other {sperrorest} functions), return a
| ^
checkRd: (-1) partition_factor_cv.Rd:43: Lost braces; missing escapes or markup?
43 | if \code{TRUE} (used internally by other {sperrorest} functions), return a
| ^
checkRd: (-1) partition_kmeans.Rd:41: Lost braces; missing escapes or markup?
41 | if \code{TRUE} (used internally by other {sperrorest} functions), return a
| ^
checkRd: (-1) partition_tiles.Rd:78: Lost braces; missing escapes or markup?
78 | if \code{TRUE} (used internally by other {sperrorest} functions), return a
| ^
checkRd: (-1) sperrorest.Rd:55: Lost braces; missing escapes or markup?
55 | \code{formula} and \code{data} argument, which are provided by {sperrorest})}
| ^
checkRd: (-1) sperrorest.Rd:63: Lost braces; missing escapes or markup?
63 | {sperrorest}).}
| ^
checkRd: (-1) sperrorest.Rd:135: Lost braces; missing escapes or markup?
135 | A list (object of class {sperrorest}) with (up to) six components:
| ^
checkRd: (-1) sperrorest.Rd:148: Lost braces; missing escapes or markup?
148 | information about the {sperrorest} package version
| ^
checkRd: (-1) summary.sperroresterror.Rd:5: Lost braces; missing escapes or markup?
5 | \title{Summarize error statistics obtained by {sperrorest}}
| ^
checkRd: (-1) summary.sperrorestimportance.Rd:5: Lost braces; missing escapes or markup?
5 | \title{Summarize variable importance statistics obtained by {sperrorest}}
| ^
Flavors: r-devel-linux-x86_64-fedora-clang, r-devel-linux-x86_64-fedora-gcc, r-devel-macos-arm64, r-devel-macos-x86_64, r-devel-windows-x86_64, r-release-macos-arm64, r-release-macos-x86_64, r-release-windows-x86_64
These binaries (installable software) and packages are in development.
They may not be fully stable and should be used with caution. We make no claims about them.