Last updated on 2025-11-11 15:50:48 CET.
| Flavor | Version | Tinstall | Tcheck | Ttotal | Status | Flags |
|---|---|---|---|---|---|---|
| r-devel-linux-x86_64-debian-clang | 1.0 | 95.64 | 28.51 | 124.15 | NOTE | |
| r-devel-linux-x86_64-debian-gcc | 1.0 | 61.13 | 23.08 | 84.21 | NOTE | |
| r-devel-linux-x86_64-fedora-clang | 1.0 | 117.00 | 123.66 | 240.66 | OK | |
| r-devel-linux-x86_64-fedora-gcc | 1.0 | 351.00 | -113.74 | 237.26 | OK | |
| r-devel-windows-x86_64 | 1.0 | 110.00 | 67.00 | 177.00 | OK | |
| r-patched-linux-x86_64 | 1.0 | 96.28 | 25.90 | 122.18 | OK | |
| r-release-linux-x86_64 | 1.0 | 93.35 | 26.25 | 119.60 | OK | |
| r-release-macos-arm64 | 1.0 | 34.00 | 19.00 | 53.00 | OK | |
| r-release-macos-x86_64 | 1.0 | 29.00 | 27.00 | 56.00 | OK | |
| r-release-windows-x86_64 | 1.0 | 111.00 | 76.00 | 187.00 | OK | |
| r-oldrel-macos-arm64 | 1.0 | 35.00 | 16.00 | 51.00 | NOTE | |
| r-oldrel-macos-x86_64 | 1.0 | 27.00 | 26.00 | 53.00 | NOTE | |
| r-oldrel-windows-x86_64 | 1.0 | 129.00 | 83.00 | 212.00 | OK |
Version: 1.0
Check: CRAN incoming feasibility
Result: NOTE
Maintainer: ‘Yang Liu <yliu87@umd.edu>’
The Description field contains
<arXiv:2303.10079>. Both the conditional densities of observed
Please refer to arXiv e-prints via their arXiv DOI <doi:10.48550/arXiv.YYMM.NNNNN>.
Flavors: r-devel-linux-x86_64-debian-clang, r-devel-linux-x86_64-debian-gcc
Version: 1.0
Check: installed package size
Result: NOTE
installed size is 7.0Mb
sub-directories of 1Mb or more:
libs 6.7Mb
Flavors: r-oldrel-macos-arm64, r-oldrel-macos-x86_64
These binaries (installable software) and packages are in development.
They may not be fully stable and should be used with caution. We make no claims about them.