Last updated on 2025-11-11 15:50:48 CET.
| Flavor | Version | Tinstall | Tcheck | Ttotal | Status | Flags |
|---|---|---|---|---|---|---|
| r-devel-linux-x86_64-debian-clang | 0.1.1 | 23.47 | 182.27 | 205.74 | OK | |
| r-devel-linux-x86_64-debian-gcc | 0.1.1 | 18.82 | 132.79 | 151.61 | OK | |
| r-devel-linux-x86_64-fedora-clang | 0.1.1 | 103.00 | 221.27 | 324.27 | OK | |
| r-devel-linux-x86_64-fedora-gcc | 0.1.1 | 118.00 | 199.45 | 317.45 | OK | |
| r-devel-windows-x86_64 | 0.1.1 | 27.00 | 164.00 | 191.00 | OK | |
| r-patched-linux-x86_64 | 0.1.1 | 20.86 | 171.94 | 192.80 | OK | |
| r-release-linux-x86_64 | 0.1.1 | 23.40 | 173.79 | 197.19 | OK | |
| r-release-macos-arm64 | 0.1.1 | 11.00 | 62.00 | 73.00 | OK | |
| r-release-macos-x86_64 | 0.1.1 | 22.00 | 106.00 | 128.00 | OK | |
| r-release-windows-x86_64 | 0.1.1 | 27.00 | 159.00 | 186.00 | OK | |
| r-oldrel-macos-arm64 | 0.1.1 | 12.00 | 81.00 | 93.00 | OK | |
| r-oldrel-macos-x86_64 | 0.1.1 | 23.00 | 147.00 | 170.00 | OK | |
| r-oldrel-windows-x86_64 | 0.1.1 | 1.00 | 9.00 | 10.00 | ERROR |
Version: 0.1.1
Check: package dependencies
Result: ERROR
Package required but not available: 'semPlot'
See section 'The DESCRIPTION file' in the 'Writing R Extensions'
manual.
Flavor: r-oldrel-windows-x86_64
These binaries (installable software) and packages are in development.
They may not be fully stable and should be used with caution. We make no claims about them.