Last updated on 2025-07-02 01:51:52 CEST.
Flavor | Version | Tinstall | Tcheck | Ttotal | Status | Flags |
---|---|---|---|---|---|---|
r-devel-linux-x86_64-debian-clang | 0.1.7 | 6.13 | 52.18 | 58.31 | NOTE | |
r-devel-linux-x86_64-debian-gcc | 0.1.7 | 4.27 | 40.66 | 44.93 | NOTE | |
r-devel-linux-x86_64-fedora-clang | 0.1.7 | 88.27 | OK | |||
r-devel-linux-x86_64-fedora-gcc | 0.1.7 | 84.16 | OK | |||
r-devel-windows-x86_64 | 0.1.7 | 7.00 | 69.00 | 76.00 | OK | |
r-patched-linux-x86_64 | OK | |||||
r-release-linux-x86_64 | 0.1.7 | 4.65 | 49.40 | 54.05 | OK | |
r-release-macos-arm64 | 0.1.7 | 30.00 | OK | |||
r-release-macos-x86_64 | 0.1.7 | 41.00 | OK | |||
r-release-windows-x86_64 | 0.1.7 | 9.00 | 69.00 | 78.00 | OK | |
r-oldrel-macos-arm64 | 0.1.7 | 28.00 | OK | |||
r-oldrel-macos-x86_64 | 0.1.7 | 41.00 | OK | |||
r-oldrel-windows-x86_64 | 0.1.7 | 9.00 | 86.00 | 95.00 | OK |
Version: 0.1.7
Check: CRAN incoming feasibility
Result: NOTE
Maintainer: ‘Jongmin Lee <jongminlee9218@gmail.com>’
The Description field contains
H.-S. (2020) <arXiv:2003.02578>.
Please refer to arXiv e-prints via their arXiv DOI <doi:10.48550/arXiv.YYMM.NNNNN>.
Flavors: r-devel-linux-x86_64-debian-clang, r-devel-linux-x86_64-debian-gcc
These binaries (installable software) and packages are in development.
They may not be fully stable and should be used with caution. We make no claims about them.