Last updated on 2024-07-27 15:50:34 CEST.
Flavor | Version | Tinstall | Tcheck | Ttotal | Status | Flags |
---|---|---|---|---|---|---|
r-devel-linux-x86_64-debian-clang | 2.0 | 19.00 | 187.39 | 206.39 | OK | |
r-devel-linux-x86_64-debian-gcc | 2.0 | NOTE | ||||
r-devel-linux-x86_64-fedora-clang | 2.0 | 256.80 | NOTE | |||
r-devel-linux-x86_64-fedora-gcc | 2.0 | 258.58 | NOTE | |||
r-devel-windows-x86_64 | 2.0 | 20.00 | 164.00 | 184.00 | NOTE | |
r-patched-linux-x86_64 | 2.0 | OK | ||||
r-release-linux-x86_64 | 2.0 | 18.16 | 182.42 | 200.58 | OK | |
r-release-macos-arm64 | 2.0 | 74.00 | OK | |||
r-release-macos-x86_64 | 2.0 | 122.00 | OK | |||
r-release-windows-x86_64 | 2.0 | 18.00 | 168.00 | 186.00 | OK | |
r-oldrel-macos-arm64 | 2.0 | 88.00 | OK | |||
r-oldrel-macos-x86_64 | 2.0 | 153.00 | OK | |||
r-oldrel-windows-x86_64 | 2.0 | 23.00 | 186.00 | 209.00 | OK |
Version: 2.0
Check: Rd cross-references
Result: NOTE
Found the following Rd file(s) with Rd \link{} targets missing package
anchors:
gstslshet.Rd: Matrix
spreg.Rd: Matrix
Please provide package anchors for all Rd \link{} targets not in the
package itself and the base packages.
Flavors: r-devel-linux-x86_64-debian-gcc, r-devel-windows-x86_64
Version: 2.0
Check: dependencies in R code
Result: NOTE
Namespaces in Imports field not imported from:
‘sf’ ‘spData’
All declared Imports should be used.
Flavors: r-devel-linux-x86_64-fedora-clang, r-devel-linux-x86_64-fedora-gcc
These binaries (installable software) and packages are in development.
They may not be fully stable and should be used with caution. We make no claims about them.