Last updated on 2024-07-27 15:50:34 CEST.
Flavor | Version | Tinstall | Tcheck | Ttotal | Status | Flags |
---|---|---|---|---|---|---|
r-devel-linux-x86_64-debian-clang | 1.1-19 | 22.21 | 131.20 | 153.41 | OK | |
r-devel-linux-x86_64-debian-gcc | 1.1-19 | OK | ||||
r-devel-linux-x86_64-fedora-clang | 1.1-19 | 204.07 | OK | |||
r-devel-linux-x86_64-fedora-gcc | 1.1-19 | 188.68 | OK | |||
r-devel-windows-x86_64 | 1.1-19 | 19.00 | 113.00 | 132.00 | OK | --no-vignettes |
r-patched-linux-x86_64 | 1.1-19 | OK | ||||
r-release-linux-x86_64 | 1.1-19 | 13.98 | 122.75 | 136.73 | OK | |
r-release-macos-arm64 | 1.1-19 | 58.00 | OK | |||
r-release-macos-x86_64 | 1.1-19 | 89.00 | OK | |||
r-release-windows-x86_64 | 1.1-19 | 18.00 | 117.00 | 135.00 | OK | --no-vignettes |
r-oldrel-macos-arm64 | 1.1-19 | 66.00 | OK | |||
r-oldrel-macos-x86_64 | 1.1-19 | 103.00 | NOTE | |||
r-oldrel-windows-x86_64 | 1.1-19 | 25.00 | 131.00 | 156.00 | OK | --no-vignettes |
Version: 1.1-19
Check: package dependencies
Result: NOTE
Package suggested but not available for checking: ‘mboost’
Flavor: r-oldrel-macos-x86_64
These binaries (installable software) and packages are in development.
They may not be fully stable and should be used with caution. We make no claims about them.