CRAN Package Check Results for Package spikes

Last updated on 2025-07-25 11:50:07 CEST.

Flavor Version Tinstall Tcheck Ttotal Status Flags
r-devel-linux-x86_64-debian-clang 1.1 8.52 69.31 77.83 NOTE
r-devel-linux-x86_64-debian-gcc 1.1 6.04 52.82 58.86 NOTE
r-devel-linux-x86_64-fedora-clang 1.1 121.42 OK
r-devel-linux-x86_64-fedora-gcc 1.1 124.94 OK
r-devel-windows-x86_64 1.1 9.00 83.00 92.00 OK
r-patched-linux-x86_64 1.1 7.34 67.02 74.36 OK
r-release-linux-x86_64 1.1 8.35 66.69 75.04 OK
r-release-macos-arm64 1.1 37.00 OK
r-release-macos-x86_64 1.1 90.00 OK
r-release-windows-x86_64 1.1 9.00 90.00 99.00 OK
r-oldrel-macos-arm64 1.1 35.00 OK
r-oldrel-macos-x86_64 1.1 52.00 OK
r-oldrel-windows-x86_64 1.1 12.00 100.00 112.00 OK

Check Details

Version: 1.1
Check: CRAN incoming feasibility
Result: NOTE Maintainer: ‘Arturas Rozenas <ar199@nyu.edu>’ No Authors@R field in DESCRIPTION. Please add one, modifying Authors@R: person(given = "Arturas", family = "Rozenas", role = c("aut", "cre"), email = "ar199@nyu.edu") as necessary. Flavors: r-devel-linux-x86_64-debian-clang, r-devel-linux-x86_64-debian-gcc

These binaries (installable software) and packages are in development.
They may not be fully stable and should be used with caution. We make no claims about them.