Last updated on 2025-10-23 17:51:04 CEST.
Flavor | Version | Tinstall | Tcheck | Ttotal | Status | Flags |
---|---|---|---|---|---|---|
r-devel-linux-x86_64-debian-clang | 1.1 | 8.38 | 72.08 | 80.46 | NOTE | |
r-devel-linux-x86_64-debian-gcc | 1.1 | 6.14 | 55.38 | 61.52 | NOTE | |
r-devel-linux-x86_64-fedora-clang | 1.1 | 28.00 | 95.29 | 123.29 | OK | |
r-devel-linux-x86_64-fedora-gcc | 1.1 | 17.00 | 98.45 | 115.45 | OK | |
r-devel-windows-x86_64 | 1.1 | 9.00 | 86.00 | 95.00 | OK | |
r-patched-linux-x86_64 | 1.1 | 7.62 | 68.04 | 75.66 | OK | |
r-release-linux-x86_64 | 1.1 | 8.10 | 69.92 | 78.02 | OK | |
r-release-macos-arm64 | 1.1 | 4.00 | 33.00 | 37.00 | OK | |
r-release-macos-x86_64 | 1.1 | 7.00 | 83.00 | 90.00 | OK | |
r-release-windows-x86_64 | 1.1 | 9.00 | 84.00 | 93.00 | OK | |
r-oldrel-macos-arm64 | 1.1 | 4.00 | 31.00 | 35.00 | OK | |
r-oldrel-macos-x86_64 | 1.1 | 5.00 | 47.00 | 52.00 | OK | |
r-oldrel-windows-x86_64 | 1.1 | 11.00 | 104.00 | 115.00 | OK |
Version: 1.1
Check: CRAN incoming feasibility
Result: NOTE
Maintainer: ‘Arturas Rozenas <ar199@nyu.edu>’
No Authors@R field in DESCRIPTION.
Please add one, modifying
Authors@R: person(given = "Arturas",
family = "Rozenas",
role = c("aut", "cre"),
email = "ar199@nyu.edu")
as necessary.
Flavors: r-devel-linux-x86_64-debian-clang, r-devel-linux-x86_64-debian-gcc
Version: 1.1
Check: HTML version of manual
Result: NOTE
Found the following HTML validation problems:
confInt.html:52:1 (confInt.Rd:16): Warning: missing </ul> before </div>
Flavor: r-devel-linux-x86_64-debian-clang
These binaries (installable software) and packages are in development.
They may not be fully stable and should be used with caution. We make no claims about them.