CRAN Package Check Results for Package spikeslab

Last updated on 2025-05-23 11:56:08 CEST.

Flavor Version Tinstall Tcheck Ttotal Status Flags
r-devel-linux-x86_64-debian-clang 1.1.6 5.21 31.64 36.85 NOTE
r-devel-linux-x86_64-debian-gcc 1.1.6 3.80 23.65 27.45 NOTE
r-devel-linux-x86_64-fedora-clang 1.1.6 57.38 OK
r-devel-linux-x86_64-fedora-gcc 1.1.6 54.50 OK
r-devel-windows-x86_64 1.1.6 10.00 94.00 104.00 OK
r-patched-linux-x86_64 1.1.6 4.97 30.05 35.02 OK
r-release-linux-x86_64 1.1.6 4.42 31.51 35.93 OK
r-release-macos-arm64 1.1.6 22.00 OK
r-release-macos-x86_64 1.1.6 37.00 OK
r-release-windows-x86_64 1.1.6 10.00 91.00 101.00 OK
r-oldrel-macos-arm64 1.1.6 20.00 OK
r-oldrel-macos-x86_64 1.1.6 30.00 OK
r-oldrel-windows-x86_64 1.1.6 9.00 61.00 70.00 OK

Check Details

Version: 1.1.6
Check: CRAN incoming feasibility
Result: NOTE Maintainer: ‘Udaya B. Kogalur <ubk@kogalur.com>’ No Authors@R field in DESCRIPTION. Please add one, modifying Authors@R: c(person(given = "Hemant", family = "Ishwaran", role = "aut", email = "hemant.ishwaran@gmail.com"), person(given = c("Udaya", "B."), family = "Kogalur", role = "cre", email = "ubk@kogalur.com")) as necessary. Package CITATION file contains call(s) to old-style personList() or as.personList(). Please use c() on person objects instead. Package CITATION file contains call(s) to old-style citEntry(). Please use bibentry() instead. Flavors: r-devel-linux-x86_64-debian-clang, r-devel-linux-x86_64-debian-gcc

These binaries (installable software) and packages are in development.
They may not be fully stable and should be used with caution. We make no claims about them.