Last updated on 2025-10-23 21:51:42 CEST.
Flavor | Version | Tinstall | Tcheck | Ttotal | Status | Flags |
---|---|---|---|---|---|---|
r-devel-linux-x86_64-debian-clang | 1.1.6 | 4.44 | 33.49 | 37.93 | NOTE | |
r-devel-linux-x86_64-debian-gcc | 1.1.6 | 3.96 | 24.76 | 28.72 | NOTE | |
r-devel-linux-x86_64-fedora-clang | 1.1.6 | 16.00 | 42.32 | 58.32 | OK | |
r-devel-linux-x86_64-fedora-gcc | 1.1.6 | 12.00 | 43.46 | 55.46 | OK | |
r-devel-windows-x86_64 | 1.1.6 | 8.00 | 53.00 | 61.00 | OK | |
r-patched-linux-x86_64 | 1.1.6 | 5.35 | 30.98 | 36.33 | OK | |
r-release-linux-x86_64 | 1.1.6 | 5.11 | 31.60 | 36.71 | OK | |
r-release-macos-arm64 | 1.1.6 | 3.00 | 19.00 | 22.00 | OK | |
r-release-macos-x86_64 | 1.1.6 | 6.00 | 31.00 | 37.00 | OK | |
r-release-windows-x86_64 | 1.1.6 | 7.00 | 54.00 | 61.00 | OK | |
r-oldrel-macos-arm64 | 1.1.6 | 3.00 | 17.00 | 20.00 | OK | |
r-oldrel-macos-x86_64 | 1.1.6 | 5.00 | 25.00 | 30.00 | OK | |
r-oldrel-windows-x86_64 | 1.1.6 | 12.00 | 61.00 | 73.00 | OK |
Version: 1.1.6
Check: CRAN incoming feasibility
Result: NOTE
Maintainer: ‘Udaya B. Kogalur <ubk@kogalur.com>’
No Authors@R field in DESCRIPTION.
Please add one, modifying
Authors@R: c(person(given = "Hemant",
family = "Ishwaran",
role = "aut",
email = "hemant.ishwaran@gmail.com"),
person(given = c("Udaya", "B."),
family = "Kogalur",
role = "cre",
email = "ubk@kogalur.com"))
as necessary.
Package CITATION file contains call(s) to old-style personList() or
as.personList(). Please use c() on person objects instead.
Package CITATION file contains call(s) to old-style citEntry(). Please
use bibentry() instead.
Flavors: r-devel-linux-x86_64-debian-clang, r-devel-linux-x86_64-debian-gcc
These binaries (installable software) and packages are in development.
They may not be fully stable and should be used with caution. We make no claims about them.