Last updated on 2025-10-23 11:50:29 CEST.
Flavor | Version | Tinstall | Tcheck | Ttotal | Status | Flags |
---|---|---|---|---|---|---|
r-devel-linux-x86_64-debian-clang | 1.0.5 | 3.63 | 170.93 | 174.56 | NOTE | |
r-devel-linux-x86_64-debian-gcc | 1.0.5 | 2.28 | 120.98 | 123.26 | OK | |
r-devel-linux-x86_64-fedora-clang | 1.0.5 | 165.18 | OK | |||
r-devel-linux-x86_64-fedora-gcc | 1.0.5 | 321.14 | OK | |||
r-devel-windows-x86_64 | 1.0.5 | 6.00 | 272.00 | 278.00 | OK | |
r-patched-linux-x86_64 | 1.0.5 | 3.79 | 157.58 | 161.37 | OK | |
r-release-linux-x86_64 | 1.0.5 | 3.42 | 161.55 | 164.97 | OK | |
r-release-macos-arm64 | 1.0.5 | 1.00 | 44.00 | 45.00 | OK | |
r-release-macos-x86_64 | 1.0.5 | 5.00 | 103.00 | 108.00 | OK | |
r-release-windows-x86_64 | 1.0.5 | 7.00 | 273.00 | 280.00 | OK | |
r-oldrel-macos-arm64 | 1.0.5 | 2.00 | 48.00 | 50.00 | OK | |
r-oldrel-macos-x86_64 | 1.0.5 | 3.00 | 94.00 | 97.00 | OK | |
r-oldrel-windows-x86_64 | 1.0.5 | 7.00 | 284.00 | 291.00 | OK |
Version: 1.0.5
Check: HTML version of manual
Result: NOTE
Found the following HTML validation problems:
step_fraction.html:50:1 (step_fraction.Rd:12): Warning: missing </ul> before </div>
Flavor: r-devel-linux-x86_64-debian-clang
These binaries (installable software) and packages are in development.
They may not be fully stable and should be used with caution. We make no claims about them.