Last updated on 2025-10-23 11:50:29 CEST.
Flavor | Version | Tinstall | Tcheck | Ttotal | Status | Flags |
---|---|---|---|---|---|---|
r-devel-linux-x86_64-debian-clang | 0.3.10 | 8.73 | 277.09 | 285.82 | NOTE | |
r-devel-linux-x86_64-debian-gcc | 0.3.10 | 6.19 | 194.70 | 200.89 | OK | |
r-devel-linux-x86_64-fedora-clang | 0.3.10 | 30.00 | 417.63 | 447.63 | OK | |
r-devel-linux-x86_64-fedora-gcc | 0.3.10 | 18.00 | 422.80 | 440.80 | OK | |
r-devel-windows-x86_64 | 0.3.10 | 11.00 | 290.00 | 301.00 | OK | |
r-patched-linux-x86_64 | 0.3.10 | 9.27 | 268.76 | 278.03 | OK | |
r-release-linux-x86_64 | 0.3.10 | 8.69 | 271.16 | 279.85 | OK | |
r-release-macos-arm64 | 0.3.10 | 4.00 | 141.00 | 145.00 | OK | |
r-release-macos-x86_64 | 0.3.10 | 9.00 | 216.00 | 225.00 | OK | |
r-release-windows-x86_64 | 0.3.10 | 10.00 | 280.00 | 290.00 | OK | |
r-oldrel-macos-arm64 | 0.3.10 | 4.00 | 137.00 | 141.00 | OK | |
r-oldrel-macos-x86_64 | 0.3.10 | 9.00 | 227.00 | 236.00 | OK | |
r-oldrel-windows-x86_64 | 0.3.10 | 15.00 | 370.00 | 385.00 | OK |
Version: 0.3.10
Check: HTML version of manual
Result: NOTE
Found the following HTML validation problems:
devMessage.html:46:1 (devMessage.Rd:10): Warning: missing </ul> before </div>
scale_colour_discrete.html:48:1 (scale_colour_discrete.Rd:13): Warning: missing </ul> before </div>
Flavor: r-devel-linux-x86_64-debian-clang
These binaries (installable software) and packages are in development.
They may not be fully stable and should be used with caution. We make no claims about them.