CRAN Package Check Results for Package spiritR

Last updated on 2025-02-19 17:51:05 CET.

Flavor Version Tinstall Tcheck Ttotal Status Flags
r-devel-linux-x86_64-debian-clang 0.1.1 2.37 23.22 25.59 OK
r-devel-linux-x86_64-debian-gcc 0.1.1 1.39 18.65 20.04 OK
r-devel-linux-x86_64-fedora-clang 0.1.1 41.52 OK
r-devel-linux-x86_64-fedora-gcc 0.1.1 53.31 OK
r-devel-macos-arm64 0.1.1 26.00 OK
r-devel-macos-x86_64 0.1.1 42.00 OK
r-devel-windows-x86_64 0.1.1 4.00 46.00 50.00 OK
r-patched-linux-x86_64 0.1.1 2.44 22.18 24.62 NOTE
r-release-linux-x86_64 0.1.1 2.20 22.74 24.94 NOTE
r-release-macos-arm64 0.1.1 24.00 NOTE
r-release-macos-x86_64 0.1.1 34.00 NOTE
r-release-windows-x86_64 0.1.1 4.00 46.00 50.00 NOTE
r-oldrel-macos-arm64 0.1.1 27.00 NOTE
r-oldrel-macos-x86_64 0.1.1 35.00 NOTE
r-oldrel-windows-x86_64 0.1.1 4.00 72.00 76.00 NOTE

Check Details

Version: 0.1.1
Check: LazyData
Result: NOTE 'LazyData' is specified without a 'data' directory Flavors: r-patched-linux-x86_64, r-release-linux-x86_64, r-release-macos-arm64, r-release-macos-x86_64, r-release-windows-x86_64, r-oldrel-macos-arm64, r-oldrel-macos-x86_64, r-oldrel-windows-x86_64

These binaries (installable software) and packages are in development.
They may not be fully stable and should be used with caution. We make no claims about them.