Last updated on 2025-10-03 03:50:59 CEST.
Flavor | Version | Tinstall | Tcheck | Ttotal | Status | Flags |
---|---|---|---|---|---|---|
r-devel-linux-x86_64-debian-clang | 0.0.5 | 6.31 | 67.80 | 74.11 | OK | |
r-devel-linux-x86_64-debian-gcc | 0.0.5 | 4.46 | 50.21 | 54.67 | OK | |
r-devel-linux-x86_64-fedora-clang | 0.0.5 | 108.67 | NOTE | |||
r-devel-linux-x86_64-fedora-gcc | 0.0.5 | 120.88 | NOTE | |||
r-devel-windows-x86_64 | 0.0.5 | 9.00 | 78.00 | 87.00 | OK | |
r-patched-linux-x86_64 | 0.0.5 | 5.87 | 62.56 | 68.43 | OK | |
r-release-linux-x86_64 | 0.0.5 | 6.73 | 63.21 | 69.94 | OK | |
r-release-macos-arm64 | 0.0.5 | 39.00 | OK | |||
r-release-macos-x86_64 | 0.0.5 | 86.00 | OK | |||
r-release-windows-x86_64 | 0.0.5 | 7.00 | 77.00 | 84.00 | OK | |
r-oldrel-macos-arm64 | 0.0.5 | 48.00 | OK | |||
r-oldrel-macos-x86_64 | 0.0.5 | 81.00 | OK | |||
r-oldrel-windows-x86_64 | 0.0.5 | 10.00 | 93.00 | 103.00 | OK |
Version: 0.0.5
Check: dependencies in R code
Result: NOTE
Namespace in Imports field not imported from: ‘ggplot2’
All declared Imports should be used.
Flavors: r-devel-linux-x86_64-fedora-clang, r-devel-linux-x86_64-fedora-gcc
These binaries (installable software) and packages are in development.
They may not be fully stable and should be used with caution. We make no claims about them.