Last updated on 2024-07-27 15:50:34 CEST.
Flavor | Version | Tinstall | Tcheck | Ttotal | Status | Flags |
---|---|---|---|---|---|---|
r-devel-linux-x86_64-debian-clang | 0.5.3 | 35.03 | 59.27 | 94.30 | OK | |
r-devel-linux-x86_64-debian-gcc | 0.5.3 | OK | ||||
r-devel-linux-x86_64-fedora-clang | 0.5.3 | 144.99 | OK | |||
r-devel-linux-x86_64-fedora-gcc | 0.5.3 | 147.12 | OK | |||
r-devel-windows-x86_64 | 0.5.3 | 32.00 | 92.00 | 124.00 | OK | |
r-patched-linux-x86_64 | 0.5.3 | OK | ||||
r-release-linux-x86_64 | 0.5.3 | 29.95 | 57.18 | 87.13 | OK | |
r-release-macos-arm64 | 0.5.3 | 52.00 | NOTE | |||
r-release-macos-x86_64 | 0.5.3 | 117.00 | NOTE | |||
r-release-windows-x86_64 | 0.5.3 | 38.00 | 86.00 | 124.00 | OK | |
r-oldrel-macos-arm64 | 0.5.3 | 65.00 | NOTE | |||
r-oldrel-macos-x86_64 | 0.5.3 | 84.00 | NOTE | |||
r-oldrel-windows-x86_64 | 0.5.3 | 38.00 | 98.00 | 136.00 | OK |
Version: 0.5.3
Check: installed package size
Result: NOTE
installed size is 5.1Mb
sub-directories of 1Mb or more:
doc 1.2Mb
libs 3.3Mb
Flavors: r-release-macos-arm64, r-release-macos-x86_64, r-oldrel-macos-arm64, r-oldrel-macos-x86_64
These binaries (installable software) and packages are in development.
They may not be fully stable and should be used with caution. We make no claims about them.