Last updated on 2025-02-16 08:51:01 CET.
Flavor | Version | Tinstall | Tcheck | Ttotal | Status | Flags |
---|---|---|---|---|---|---|
r-devel-linux-x86_64-debian-clang | 0.8.2 | 20.73 | 150.47 | 171.20 | NOTE | |
r-devel-linux-x86_64-debian-gcc | 0.8.2 | 15.34 | 106.59 | 121.93 | NOTE | |
r-devel-linux-x86_64-fedora-clang | 0.8.2 | 284.13 | NOTE | |||
r-devel-linux-x86_64-fedora-gcc | 0.8.2 | 282.47 | NOTE | |||
r-devel-macos-arm64 | 0.8.2 | 87.00 | NOTE | |||
r-devel-macos-x86_64 | 0.8.2 | 170.00 | NOTE | |||
r-devel-windows-x86_64 | 0.8.2 | 27.00 | 165.00 | 192.00 | NOTE | |
r-patched-linux-x86_64 | 0.8.2 | 19.27 | 141.62 | 160.89 | NOTE | |
r-release-linux-x86_64 | 0.8.2 | 21.52 | 142.79 | 164.31 | NOTE | |
r-release-macos-arm64 | 0.8.2 | 87.00 | NOTE | |||
r-release-macos-x86_64 | 0.8.2 | 124.00 | NOTE | |||
r-release-windows-x86_64 | 0.8.2 | 26.00 | 173.00 | 199.00 | NOTE | |
r-oldrel-macos-arm64 | 0.8.2 | 83.00 | OK | |||
r-oldrel-macos-x86_64 | 0.8.2 | 142.00 | OK | |||
r-oldrel-windows-x86_64 | 0.8.2 | 32.00 | 201.00 | 233.00 | OK |
Version: 0.8.2
Check: Rd files
Result: NOTE
checkRd: (-1) speedtestdata.Rd:18: Lost braces in \itemize; meant \describe ?
checkRd: (-1) speedtestdata.Rd:19: Lost braces in \itemize; meant \describe ?
checkRd: (-1) speedtestdata.Rd:20: Lost braces in \itemize; meant \describe ?
checkRd: (-1) speedtestdata.Rd:21: Lost braces in \itemize; meant \describe ?
checkRd: (-1) speedtestdata.Rd:22: Lost braces in \itemize; meant \describe ?
checkRd: (-1) speedtestdata.Rd:23: Lost braces in \itemize; meant \describe ?
Flavors: r-devel-linux-x86_64-debian-clang, r-devel-linux-x86_64-debian-gcc, r-devel-linux-x86_64-fedora-clang, r-devel-linux-x86_64-fedora-gcc, r-devel-macos-arm64, r-devel-macos-x86_64, r-devel-windows-x86_64, r-patched-linux-x86_64, r-release-linux-x86_64, r-release-macos-arm64, r-release-macos-x86_64, r-release-windows-x86_64
These binaries (installable software) and packages are in development.
They may not be fully stable and should be used with caution. We make no claims about them.