Last updated on 2025-02-16 08:51:01 CET.
Flavor | Version | Tinstall | Tcheck | Ttotal | Status | Flags |
---|---|---|---|---|---|---|
r-devel-linux-x86_64-debian-clang | 1.2.2 | 5.30 | 37.72 | 43.02 | NOTE | |
r-devel-linux-x86_64-debian-gcc | 1.2.2 | 3.36 | 28.44 | 31.80 | NOTE | |
r-devel-linux-x86_64-fedora-clang | 1.2.2 | 77.17 | NOTE | |||
r-devel-linux-x86_64-fedora-gcc | 1.2.2 | 81.31 | NOTE | |||
r-devel-macos-arm64 | 1.2.2 | 33.00 | NOTE | |||
r-devel-macos-x86_64 | 1.2.2 | 58.00 | NOTE | |||
r-devel-windows-x86_64 | 1.2.2 | 10.00 | 64.00 | 74.00 | NOTE | |
r-patched-linux-x86_64 | 1.2.2 | 6.49 | 35.91 | 42.40 | NOTE | |
r-release-linux-x86_64 | 1.2.2 | 5.73 | 35.76 | 41.49 | NOTE | |
r-release-macos-arm64 | 1.2.2 | 31.00 | NOTE | |||
r-release-macos-x86_64 | 1.2.2 | 49.00 | NOTE | |||
r-release-windows-x86_64 | 1.2.2 | 8.00 | 63.00 | 71.00 | NOTE | |
r-oldrel-macos-arm64 | 1.2.2 | 32.00 | OK | |||
r-oldrel-macos-x86_64 | 1.2.2 | 48.00 | OK | |||
r-oldrel-windows-x86_64 | 1.2.2 | 10.00 | 80.00 | 90.00 | OK |
Version: 1.2.2
Check: Rd files
Result: NOTE
checkRd: (-1) gbmidwcv.Rd:118: Lost braces
118 | rfcv{randomForest} and gbm
| ^
checkRd: (-1) gbmokgbmidwcv.Rd:108: Lost braces
108 | variable and anisotropy parameters. see notes vgm{gstat} for details.
| ^
Flavors: r-devel-linux-x86_64-debian-clang, r-devel-linux-x86_64-debian-gcc, r-devel-linux-x86_64-fedora-clang, r-devel-linux-x86_64-fedora-gcc, r-devel-macos-arm64, r-devel-macos-x86_64, r-devel-windows-x86_64, r-patched-linux-x86_64, r-release-linux-x86_64, r-release-macos-arm64, r-release-macos-x86_64, r-release-windows-x86_64
Version: 1.2.2
Check: dependencies in R code
Result: NOTE
Namespace in Imports field not imported from: ‘biomod2’
All declared Imports should be used.
Flavors: r-devel-linux-x86_64-fedora-clang, r-devel-linux-x86_64-fedora-gcc
These binaries (installable software) and packages are in development.
They may not be fully stable and should be used with caution. We make no claims about them.