Last updated on 2025-11-12 11:51:29 CET.
| Flavor | Version | Tinstall | Tcheck | Ttotal | Status | Flags |
|---|---|---|---|---|---|---|
| r-devel-linux-x86_64-debian-clang | 0.3.3 | 41.52 | 214.58 | 256.10 | NOTE | |
| r-devel-linux-x86_64-debian-gcc | 0.3.3 | 22.42 | 141.29 | 163.71 | NOTE | |
| r-devel-linux-x86_64-fedora-clang | 0.3.3 | 79.00 | 326.97 | 405.97 | NOTE | |
| r-devel-linux-x86_64-fedora-gcc | 0.3.3 | 135.00 | 287.37 | 422.37 | NOTE | |
| r-devel-windows-x86_64 | 0.3.3 | 36.00 | 173.00 | 209.00 | NOTE | |
| r-patched-linux-x86_64 | 0.3.3 | 38.63 | 200.96 | 239.59 | NOTE | |
| r-release-linux-x86_64 | 0.3.3 | 37.47 | 202.31 | 239.78 | NOTE | |
| r-release-macos-arm64 | 0.3.3 | 15.00 | 74.00 | 89.00 | NOTE | |
| r-release-macos-x86_64 | 0.3.3 | 46.00 | 155.00 | 201.00 | NOTE | |
| r-release-windows-x86_64 | 0.3.3 | 37.00 | 173.00 | 210.00 | NOTE | |
| r-oldrel-macos-arm64 | 0.3.3 | 17.00 | 76.00 | 93.00 | OK | |
| r-oldrel-macos-x86_64 | 0.3.3 | 39.00 | 172.00 | 211.00 | OK | |
| r-oldrel-windows-x86_64 | 0.3.3 | 51.00 | 232.00 | 283.00 | OK |
Version: 0.3.3
Check: DESCRIPTION meta-information
Result: NOTE
Missing dependency on R >= 4.2.0 because package code uses the pipe
placeholder syntax added in R 4.2.0.
File(s) using such syntax:
‘addlearn_local.R’
Flavors: r-devel-linux-x86_64-debian-clang, r-devel-linux-x86_64-debian-gcc, r-devel-linux-x86_64-fedora-clang, r-devel-linux-x86_64-fedora-gcc, r-devel-windows-x86_64, r-patched-linux-x86_64, r-release-linux-x86_64, r-release-macos-arm64, r-release-macos-x86_64, r-release-windows-x86_64
These binaries (installable software) and packages are in development.
They may not be fully stable and should be used with caution. We make no claims about them.