CRAN Package Check Results for Package spnn

Last updated on 2025-05-01 08:52:47 CEST.

Flavor Version Tinstall Tcheck Ttotal Status Flags
r-devel-linux-x86_64-debian-clang 1.2.1 19.47 22.74 42.21 NOTE
r-devel-linux-x86_64-debian-gcc 1.2.1 13.40 18.25 31.65 NOTE
r-devel-linux-x86_64-fedora-clang 1.2.1 76.88 NOTE
r-devel-linux-x86_64-fedora-gcc 1.2.1 68.72 NOTE
r-devel-windows-x86_64 1.2.1 24.00 75.00 99.00 NOTE
r-patched-linux-x86_64 1.2.1 17.19 21.82 39.01 NOTE
r-release-linux-x86_64 NOTE
r-release-macos-arm64 1.2.1 24.00 NOTE
r-release-macos-x86_64 1.2.1 43.00 NOTE
r-release-windows-x86_64 1.2.1 24.00 72.00 96.00 NOTE
r-oldrel-macos-arm64 1.2.1 24.00 NOTE
r-oldrel-macos-x86_64 1.2.1 36.00 NOTE
r-oldrel-windows-x86_64 1.2.1 28.00 75.00 103.00 NOTE

Check Details

Version: 1.2.1
Check: CRAN incoming feasibility
Result: NOTE Maintainer: ‘Romin Ebrahimi <romin.ebrahimi@utexas.edu>’ No Authors@R field in DESCRIPTION. Please add one, modifying Authors@R: person(given = "Romin", family = "Ebrahimi", role = c("aut", "cre"), email = "romin.ebrahimi@utexas.edu") as necessary. Flavors: r-devel-linux-x86_64-debian-clang, r-devel-linux-x86_64-debian-gcc

Version: 1.2.1
Check: C++ specification
Result: NOTE Specified C++11: please drop specification unless essential Flavors: r-devel-linux-x86_64-debian-clang, r-devel-linux-x86_64-debian-gcc, r-devel-linux-x86_64-fedora-clang, r-devel-linux-x86_64-fedora-gcc, r-devel-windows-x86_64, r-patched-linux-x86_64, r-release-linux-x86_64, r-release-macos-arm64, r-release-macos-x86_64, r-release-windows-x86_64, r-oldrel-macos-arm64, r-oldrel-macos-x86_64, r-oldrel-windows-x86_64

Version: 1.2.1
Check: Rd files
Result: NOTE checkRd: (-1) spnn-package.Rd:15: Lost braces in \itemize; meant \describe ? checkRd: (-1) spnn-package.Rd:16: Lost braces in \itemize; meant \describe ? checkRd: (-1) spnn-package.Rd:17: Lost braces in \itemize; meant \describe ? checkRd: (-1) spnn-package.Rd:18: Lost braces in \itemize; meant \describe ? Flavors: r-devel-linux-x86_64-debian-clang, r-devel-linux-x86_64-debian-gcc, r-devel-linux-x86_64-fedora-clang, r-devel-linux-x86_64-fedora-gcc, r-devel-windows-x86_64, r-patched-linux-x86_64, r-release-linux-x86_64, r-release-macos-arm64, r-release-macos-x86_64, r-release-windows-x86_64, r-oldrel-macos-arm64, r-oldrel-macos-x86_64, r-oldrel-windows-x86_64

These binaries (installable software) and packages are in development.
They may not be fully stable and should be used with caution. We make no claims about them.