Last updated on 2025-05-03 22:50:11 CEST.
Flavor | Version | Tinstall | Tcheck | Ttotal | Status | Flags |
---|---|---|---|---|---|---|
r-devel-linux-x86_64-debian-clang | 1.4.0 | 11.11 | 101.33 | 112.44 | NOTE | |
r-devel-linux-x86_64-debian-gcc | 1.4.0 | 9.49 | 71.24 | 80.73 | NOTE | |
r-devel-linux-x86_64-fedora-clang | 1.4.0 | 167.20 | OK | |||
r-devel-linux-x86_64-fedora-gcc | 1.4.0 | 167.33 | OK | |||
r-devel-windows-x86_64 | 1.4.0 | 14.00 | 102.00 | 116.00 | OK | |
r-patched-linux-x86_64 | 1.4.0 | 12.85 | 95.32 | 108.17 | OK | |
r-release-linux-x86_64 | OK | |||||
r-release-macos-arm64 | 1.4.0 | 47.00 | OK | |||
r-release-macos-x86_64 | 1.4.0 | 75.00 | OK | |||
r-release-windows-x86_64 | 1.4.0 | 13.00 | 101.00 | 114.00 | OK | |
r-oldrel-macos-arm64 | 1.4.0 | 42.00 | OK | |||
r-oldrel-macos-x86_64 | 1.4.0 | 71.00 | OK | |||
r-oldrel-windows-x86_64 | 1.4.0 | 19.00 | 134.00 | 153.00 | OK |
Version: 1.4.0
Check: CRAN incoming feasibility
Result: NOTE
Maintainer: ‘Giancarlo Vercellino <giancarlo.vercellino@gmail.com>’
No Authors@R field in DESCRIPTION.
Please add one, modifying
Authors@R: person(given = "Giancarlo",
family = "Vercellino",
role = c("aut", "cre"),
email = "giancarlo.vercellino@gmail.com")
as necessary.
Flavors: r-devel-linux-x86_64-debian-clang, r-devel-linux-x86_64-debian-gcc
These binaries (installable software) and packages are in development.
They may not be fully stable and should be used with caution. We make no claims about them.