Last updated on 2025-10-23 17:51:04 CEST.
Flavor | Version | Tinstall | Tcheck | Ttotal | Status | Flags |
---|---|---|---|---|---|---|
r-devel-linux-x86_64-debian-clang | 0.2.2 | 23.97 | 104.88 | 128.85 | NOTE | |
r-devel-linux-x86_64-debian-gcc | 0.2.2 | 15.25 | 71.21 | 86.46 | OK | |
r-devel-linux-x86_64-fedora-clang | 0.2.2 | 53.00 | 143.29 | 196.29 | OK | |
r-devel-linux-x86_64-fedora-gcc | 0.2.2 | 57.00 | 150.72 | 207.72 | OK | |
r-devel-windows-x86_64 | 0.2.2 | 26.00 | 121.00 | 147.00 | OK | |
r-patched-linux-x86_64 | 0.2.2 | 23.15 | 96.05 | 119.20 | OK | |
r-release-linux-x86_64 | 0.2.2 | 21.55 | 96.64 | 118.19 | OK | |
r-release-macos-arm64 | 0.2.2 | 7.00 | 41.00 | 48.00 | OK | |
r-release-macos-x86_64 | 0.2.2 | 18.00 | 91.00 | 109.00 | OK | |
r-release-windows-x86_64 | 0.2.2 | 26.00 | 133.00 | 159.00 | OK | |
r-oldrel-macos-arm64 | 0.2.2 | 9.00 | 49.00 | 58.00 | OK | |
r-oldrel-macos-x86_64 | 0.2.2 | 15.00 | 86.00 | 101.00 | OK | |
r-oldrel-windows-x86_64 | 0.2.2 | 31.00 | 178.00 | 209.00 | OK |
Version: 0.2.2
Check: HTML version of manual
Result: NOTE
Found the following HTML validation problems:
plot.rating.html:60:1 (plot.rating.Rd:17): Warning: missing </ul> before </div>
rating_run.html:163:1 (rating_run.Rd:94): Warning: missing </ul> before </div>
Flavor: r-devel-linux-x86_64-debian-clang
These binaries (installable software) and packages are in development.
They may not be fully stable and should be used with caution. We make no claims about them.