Last updated on 2025-05-01 14:49:23 CEST.
Flavor | Version | Tinstall | Tcheck | Ttotal | Status | Flags |
---|---|---|---|---|---|---|
r-devel-linux-x86_64-debian-clang | 2.2.2 | 14.20 | 168.91 | 183.11 | OK | |
r-devel-linux-x86_64-debian-gcc | 2.2.2 | 8.08 | 113.82 | 121.90 | OK | |
r-devel-linux-x86_64-fedora-clang | 2.2.2 | 281.83 | OK | |||
r-devel-linux-x86_64-fedora-gcc | 2.2.2 | 273.03 | OK | |||
r-devel-windows-x86_64 | 2.2.2 | 14.00 | 176.00 | 190.00 | ERROR | |
r-patched-linux-x86_64 | 2.2.2 | 15.15 | 160.45 | 175.60 | OK | |
r-release-linux-x86_64 | OK | |||||
r-release-macos-arm64 | 2.2.2 | 79.00 | OK | |||
r-release-macos-x86_64 | 2.2.2 | 162.00 | OK | |||
r-release-windows-x86_64 | 2.2.2 | 15.00 | 190.00 | 205.00 | OK | |
r-oldrel-macos-arm64 | 2.2.2 | 106.00 | OK | |||
r-oldrel-macos-x86_64 | 2.2.2 | 121.00 | OK | |||
r-oldrel-windows-x86_64 | 2.2.2 | 19.00 | 220.00 | 239.00 | OK |
Version: 2.2.2
Check: re-building of vignette outputs
Result: ERROR
Error(s) in re-building vignettes:
--- re-building 'animating-tracking-data.Rmd' using rmarkdown
--- finished re-building 'animating-tracking-data.Rmd'
--- re-building 'customize-plot.Rmd' using rmarkdown
--- finished re-building 'customize-plot.Rmd'
--- re-building 'plotting-tracking-data.Rmd' using rmarkdown
Quitting from plotting-tracking-data.Rmd:43-54 [download-data]
~~~~~~~~~~~~~~~~~~~~~~~~~~~~~~~~~~~~~~~~~~~~~~~~~~~~~~~~~~~~~~~~~~~~~~~~~~~~~~~~
<error/rlang_error>
Error in `download.file()`:
! cannot open URL 'https://raw.githubusercontent.com/bigdatacup/Big-Data-Cup-2021/main/hackathon_nwhl.csv'
---
Backtrace:
▆
1. └─data.table::fread(...)
2. └─utils::download.file(...)
~~~~~~~~~~~~~~~~~~~~~~~~~~~~~~~~~~~~~~~~~~~~~~~~~~~~~~~~~~~~~~~~~~~~~~~~~~~~~~~~
Error: processing vignette 'plotting-tracking-data.Rmd' failed with diagnostics:
cannot open URL 'https://raw.githubusercontent.com/bigdatacup/Big-Data-Cup-2021/main/hackathon_nwhl.csv'
--- failed re-building 'plotting-tracking-data.Rmd'
--- re-building 'sportyR.Rmd' using rmarkdown
--- finished re-building 'sportyR.Rmd'
SUMMARY: processing the following file failed:
'plotting-tracking-data.Rmd'
Error: Vignette re-building failed.
Execution halted
Flavor: r-devel-windows-x86_64
These binaries (installable software) and packages are in development.
They may not be fully stable and should be used with caution. We make no claims about them.