CRAN Package Check Results for Package spotidy

Last updated on 2025-02-02 14:48:35 CET.

Flavor Version Tinstall Tcheck Ttotal Status Flags
r-devel-linux-x86_64-debian-clang 0.1.0 4.39 35.53 39.92 OK
r-devel-linux-x86_64-debian-gcc 0.1.0 2.64 26.32 28.96 OK
r-devel-linux-x86_64-fedora-clang 0.1.0 64.20 OK
r-devel-linux-x86_64-fedora-gcc 0.1.0 72.74 OK
r-devel-windows-x86_64 0.1.0 7.00 55.00 62.00 OK
r-patched-linux-x86_64 0.1.0 4.05 32.93 36.98 NOTE
r-release-linux-x86_64 0.1.0 4.26 32.79 37.05 NOTE
r-release-macos-arm64 0.1.0 28.00 NOTE
r-release-macos-x86_64 0.1.0 44.00 NOTE
r-release-windows-x86_64 0.1.0 7.00 55.00 62.00 NOTE
r-oldrel-macos-arm64 0.1.0 29.00 NOTE
r-oldrel-macos-x86_64 0.1.0 43.00 NOTE
r-oldrel-windows-x86_64 0.1.0 7.00 61.00 68.00 NOTE

Check Details

Version: 0.1.0
Check: LazyData
Result: NOTE 'LazyData' is specified without a 'data' directory Flavors: r-patched-linux-x86_64, r-release-linux-x86_64, r-release-macos-arm64, r-release-macos-x86_64, r-release-windows-x86_64, r-oldrel-macos-arm64, r-oldrel-macos-x86_64, r-oldrel-windows-x86_64

These binaries (installable software) and packages are in development.
They may not be fully stable and should be used with caution. We make no claims about them.