Last updated on 2025-10-23 21:51:42 CEST.
Flavor | Version | Tinstall | Tcheck | Ttotal | Status | Flags |
---|---|---|---|---|---|---|
r-devel-linux-x86_64-debian-clang | 2.2.5 | 7.67 | 73.32 | 80.99 | OK | |
r-devel-linux-x86_64-debian-gcc | 2.2.5 | 5.30 | 51.51 | 56.81 | ERROR | |
r-devel-linux-x86_64-fedora-clang | 2.2.5 | 18.00 | 95.36 | 113.36 | OK | |
r-devel-linux-x86_64-fedora-gcc | 2.2.5 | 17.00 | 91.26 | 108.26 | OK | |
r-devel-windows-x86_64 | 2.2.5 | 11.00 | 89.00 | 100.00 | OK | |
r-patched-linux-x86_64 | 2.2.5 | 9.44 | 65.15 | 74.59 | OK | |
r-release-linux-x86_64 | 2.2.5 | 6.91 | 64.80 | 71.71 | OK | |
r-release-macos-arm64 | 2.2.5 | 3.00 | 32.00 | 35.00 | OK | |
r-release-macos-x86_64 | 2.2.5 | 6.00 | 53.00 | 59.00 | OK | |
r-release-windows-x86_64 | 2.2.5 | 9.00 | 90.00 | 99.00 | OK | |
r-oldrel-macos-arm64 | 2.2.5 | 4.00 | 38.00 | 42.00 | OK | |
r-oldrel-macos-x86_64 | 2.2.5 | 7.00 | 52.00 | 59.00 | OK | |
r-oldrel-windows-x86_64 | 2.2.5 | 13.00 | 106.00 | 119.00 | OK |
Version: 2.2.5
Check: examples
Result: ERROR
Running examples in ‘spotifyr-Ex.R’ failed
The error most likely occurred in:
> base::assign(".ptime", proc.time(), pos = "CheckExEnv")
> ### Name: scopes
> ### Title: Valid Authorization Scopes
> ### Aliases: scopes
>
> ### ** Examples
>
> scopes()
Error in open.connection(x, "rb") : cannot open the connection
Calls: scopes ... xml_text -> <Anonymous> -> <Anonymous> -> read_html.default
Execution halted
Flavor: r-devel-linux-x86_64-debian-gcc
These binaries (installable software) and packages are in development.
They may not be fully stable and should be used with caution. We make no claims about them.