Last updated on 2025-05-01 12:49:42 CEST.
Flavor | Version | Tinstall | Tcheck | Ttotal | Status | Flags |
---|---|---|---|---|---|---|
r-devel-linux-x86_64-debian-clang | 0.1.3.6 | 7.34 | 213.82 | 221.16 | NOTE | |
r-devel-linux-x86_64-debian-gcc | 0.1.3.6 | 4.90 | 152.19 | 157.09 | OK | |
r-devel-linux-x86_64-fedora-clang | 0.1.3.6 | 369.45 | OK | |||
r-devel-linux-x86_64-fedora-gcc | 0.1.3.6 | 394.41 | OK | |||
r-devel-windows-x86_64 | 0.1.3.6 | 10.00 | 267.00 | 277.00 | OK | |
r-patched-linux-x86_64 | 0.1.3.6 | 6.36 | 201.24 | 207.60 | OK | |
r-release-linux-x86_64 | OK | |||||
r-release-macos-arm64 | 0.1.3.6 | 112.00 | OK | |||
r-release-macos-x86_64 | 0.1.3.6 | 234.00 | OK | |||
r-release-windows-x86_64 | 0.1.3.6 | 10.00 | 265.00 | 275.00 | OK | |
r-oldrel-macos-arm64 | 0.1.3.6 | 116.00 | OK | |||
r-oldrel-macos-x86_64 | 0.1.3.6 | 218.00 | OK | |||
r-oldrel-windows-x86_64 | 0.1.3.6 | 11.00 | 314.00 | 325.00 | OK |
Version: 0.1.3.6
Check: examples
Result: NOTE
Examples with CPU (user + system) or elapsed time > 5s
user system elapsed
Q.map.test 12.164 0.476 15.597
local.sp.runs.test 6.934 0.106 8.156
summary.spjctest 6.348 0.001 7.631
Flavor: r-devel-linux-x86_64-debian-clang
Version: 0.1.3.6
Check: examples
Result: NA
user system elapsed
Q.map.test 7.227 0.390 9.784
local.sp.runs.test 4.596 0.209 5.831
OK
Flavor: r-devel-linux-x86_64-debian-gcc
These binaries (installable software) and packages are in development.
They may not be fully stable and should be used with caution. We make no claims about them.