CRAN Package Check Results for Package spreadr

Last updated on 2025-07-02 01:51:52 CEST.

Flavor Version Tinstall Tcheck Ttotal Status Flags
r-devel-linux-x86_64-debian-clang 0.2.0 10.89 46.22 57.11 NOTE
r-devel-linux-x86_64-debian-gcc 0.2.0 8.06 36.35 44.41 NOTE
r-devel-linux-x86_64-fedora-clang 0.2.0 98.19 NOTE
r-devel-linux-x86_64-fedora-gcc 0.2.0 97.66 NOTE
r-devel-windows-x86_64 0.2.0 16.00 78.00 94.00 NOTE
r-patched-linux-x86_64 NOTE
r-release-linux-x86_64 0.2.0 10.90 44.53 55.43 NOTE
r-release-macos-arm64 0.2.0 36.00 NOTE
r-release-macos-x86_64 0.2.0 61.00 NOTE
r-release-windows-x86_64 0.2.0 16.00 79.00 95.00 NOTE
r-oldrel-macos-arm64 0.2.0 35.00 NOTE
r-oldrel-macos-x86_64 0.2.0 53.00 NOTE
r-oldrel-windows-x86_64 0.2.0 18.00 90.00 108.00 NOTE

Check Details

Version: 0.2.0
Check: package subdirectories
Result: NOTE Problems with news in ‘NEWS.md’: Cannot extract version info from the following section titles: updates of 10th May 2021 Flavors: r-devel-linux-x86_64-debian-clang, r-devel-linux-x86_64-debian-gcc, r-devel-linux-x86_64-fedora-clang, r-devel-linux-x86_64-fedora-gcc, r-devel-windows-x86_64, r-patched-linux-x86_64, r-release-linux-x86_64, r-release-macos-arm64, r-release-macos-x86_64, r-release-windows-x86_64, r-oldrel-macos-arm64, r-oldrel-macos-x86_64, r-oldrel-windows-x86_64

Version: 0.2.0
Check: dependencies in R code
Result: NOTE Namespaces in Imports field not imported from: ‘extrafont’ ‘ggplot2’ All declared Imports should be used. Flavors: r-devel-linux-x86_64-fedora-clang, r-devel-linux-x86_64-fedora-gcc

These binaries (installable software) and packages are in development.
They may not be fully stable and should be used with caution. We make no claims about them.