Last updated on 2025-05-21 19:53:29 CEST.
Flavor | Version | Tinstall | Tcheck | Ttotal | Status | Flags |
---|---|---|---|---|---|---|
r-devel-linux-x86_64-debian-clang | 0.1.9 | 36.17 | 29.13 | 65.30 | NOTE | |
r-devel-linux-x86_64-debian-gcc | 0.1.9 | 24.68 | 24.89 | 49.57 | NOTE | |
r-devel-linux-x86_64-fedora-clang | 0.1.9 | 120.93 | OK | |||
r-devel-linux-x86_64-fedora-gcc | 0.1.9 | 118.78 | OK | |||
r-devel-windows-x86_64 | 0.1.9 | 41.00 | 76.00 | 117.00 | OK | |
r-patched-linux-x86_64 | 0.1.9 | 33.73 | 28.53 | 62.26 | OK | |
r-release-linux-x86_64 | 0.1.9 | 34.98 | 28.58 | 63.56 | OK | |
r-release-macos-arm64 | 0.1.9 | 33.00 | OK | |||
r-release-macos-x86_64 | 0.1.9 | 54.00 | OK | |||
r-release-windows-x86_64 | 0.1.9 | 41.00 | 95.00 | 136.00 | OK | |
r-oldrel-macos-arm64 | 0.1.9 | 31.00 | OK | |||
r-oldrel-macos-x86_64 | 0.1.9 | 42.00 | OK | |||
r-oldrel-windows-x86_64 | 0.1.9 | 47.00 | 81.00 | 128.00 | OK |
Version: 0.1.9
Check: CRAN incoming feasibility
Result: NOTE
Maintainer: ‘Fei Zhou <fei.zhou@outlook.com>’
No Authors@R field in DESCRIPTION.
Please add one, modifying
Authors@R: c(person(given = "Fei",
family = "Zhou",
role = c("aut", "cre"),
email = "fei.zhou@outlook.com"),
person(given = "Yuwen",
family = "Liu",
role = "aut"),
person(given = "Xi",
family = "Lu",
role = "aut"),
person(given = "Jie",
family = "Ren",
role = "aut"),
person(given = "Cen",
family = "Wu",
role = "aut"))
as necessary.
Flavors: r-devel-linux-x86_64-debian-clang, r-devel-linux-x86_64-debian-gcc
These binaries (installable software) and packages are in development.
They may not be fully stable and should be used with caution. We make no claims about them.