Last updated on 2025-10-23 17:51:04 CEST.
Flavor | Version | Tinstall | Tcheck | Ttotal | Status | Flags |
---|---|---|---|---|---|---|
r-devel-linux-x86_64-debian-clang | 0.9.0 | 22.24 | 68.86 | 91.10 | WARN | |
r-devel-linux-x86_64-debian-gcc | 0.9.0 | 13.42 | 52.22 | 65.64 | WARN | |
r-devel-linux-x86_64-fedora-clang | 0.9.0 | 73.00 | 80.60 | 153.60 | NOTE | |
r-devel-linux-x86_64-fedora-gcc | 0.9.0 | 49.00 | 104.35 | 153.35 | NOTE | |
r-devel-windows-x86_64 | 0.9.0 | 27.00 | 93.00 | 120.00 | NOTE | |
r-patched-linux-x86_64 | 0.9.0 | 21.47 | 65.77 | 87.24 | NOTE | |
r-release-linux-x86_64 | 0.9.0 | 20.45 | 66.05 | 86.50 | NOTE | |
r-release-macos-arm64 | 0.9.0 | 11.00 | 51.00 | 62.00 | NOTE | |
r-release-macos-x86_64 | 0.9.0 | 17.00 | 86.00 | 103.00 | NOTE | |
r-release-windows-x86_64 | 0.9.0 | 28.00 | 93.00 | 121.00 | NOTE | |
r-oldrel-macos-arm64 | 0.9.0 | 10.00 | 39.00 | 49.00 | NOTE | |
r-oldrel-macos-x86_64 | 0.9.0 | 14.00 | 59.00 | 73.00 | NOTE | |
r-oldrel-windows-x86_64 | 0.9.0 | 33.00 | 128.00 | 161.00 | NOTE |
Version: 0.9.0
Check: CRAN incoming feasibility
Result: NOTE
Maintainer: ‘Guo Yu <gy63@uw.edu>’
The Description field contains
<arXiv:1907.08414>.
Please refer to arXiv e-prints via their arXiv DOI <doi:10.48550/arXiv.YYMM.NNNNN>.
Flavors: r-devel-linux-x86_64-debian-clang, r-devel-linux-x86_64-debian-gcc
Version: 0.9.0
Check: whether package can be installed
Result: WARN
Found the following significant warnings:
/home/hornik/tmp/R.check/r-devel-clang/Work/build/Packages/RcppArmadillo/include/RcppArmadillo/version/arma.h:66:17: warning: Using fallback compilation with Armadillo 14.6.3. Please consider defining -DARMA_USE_CURRENT and also removing C++11 compilation directive. See GitHub issue #475 for more. [-W#pragma-messages]
See ‘/home/hornik/tmp/R.check/r-devel-clang/Work/PKGS/sprintr.Rcheck/00install.out’ for details.
* used C++ compiler: ‘Debian clang version 19.1.7 (7)’
Flavor: r-devel-linux-x86_64-debian-clang
Version: 0.9.0
Check: C++ specification
Result: NOTE
Specified C++11: please drop specification unless essential
Flavors: r-devel-linux-x86_64-debian-clang, r-devel-linux-x86_64-debian-gcc, r-devel-linux-x86_64-fedora-clang, r-devel-linux-x86_64-fedora-gcc, r-devel-windows-x86_64, r-patched-linux-x86_64, r-release-linux-x86_64, r-release-macos-arm64, r-release-macos-x86_64, r-release-windows-x86_64, r-oldrel-macos-arm64, r-oldrel-macos-x86_64, r-oldrel-windows-x86_64
Version: 0.9.0
Check: whether package can be installed
Result: WARN
Found the following significant warnings:
/home/hornik/tmp/R.check/r-devel-gcc/Work/build/Packages/RcppArmadillo/include/RcppArmadillo/version/arma.h:66:199: note: ‘#pragma message: Using fallback compilation with Armadillo 14.6.3. Please consider defining -DARMA_USE_CURRENT and also removing C++11 compilation directive. See GitHub issue #475 for more.’
See ‘/home/hornik/tmp/R.check/r-devel-gcc/Work/PKGS/sprintr.Rcheck/00install.out’ for details.
* used C++ compiler: ‘g++-15 (Debian 15.2.0-4) 15.2.0’
Flavor: r-devel-linux-x86_64-debian-gcc
These binaries (installable software) and packages are in development.
They may not be fully stable and should be used with caution. We make no claims about them.