Last updated on 2025-02-16 08:51:01 CET.
Flavor | Version | Tinstall | Tcheck | Ttotal | Status | Flags |
---|---|---|---|---|---|---|
r-devel-linux-x86_64-debian-clang | 0.9.0 | 20.41 | 65.88 | 86.29 | NOTE | |
r-devel-linux-x86_64-debian-gcc | 0.9.0 | 15.20 | 50.41 | 65.61 | NOTE | |
r-devel-linux-x86_64-fedora-clang | 0.9.0 | 150.98 | NOTE | |||
r-devel-linux-x86_64-fedora-gcc | 0.9.0 | 158.32 | NOTE | |||
r-devel-macos-arm64 | 0.9.0 | 52.00 | NOTE | |||
r-devel-macos-x86_64 | 0.9.0 | 101.00 | NOTE | |||
r-devel-windows-x86_64 | 0.9.0 | 26.00 | 93.00 | 119.00 | NOTE | |
r-patched-linux-x86_64 | 0.9.0 | 20.55 | 62.34 | 82.89 | NOTE | |
r-release-linux-x86_64 | 0.9.0 | 21.14 | 62.70 | 83.84 | NOTE | |
r-release-macos-arm64 | 0.9.0 | 49.00 | NOTE | |||
r-release-macos-x86_64 | 0.9.0 | 73.00 | NOTE | |||
r-release-windows-x86_64 | 0.9.0 | 26.00 | 97.00 | 123.00 | NOTE | |
r-oldrel-macos-arm64 | 0.9.0 | 53.00 | NOTE | |||
r-oldrel-macos-x86_64 | 0.9.0 | 87.00 | NOTE | |||
r-oldrel-windows-x86_64 | 0.9.0 | 31.00 | 135.00 | 166.00 | NOTE |
Version: 0.9.0
Check: C++ specification
Result: NOTE
Specified C++11: please drop specification unless essential
Flavors: r-devel-linux-x86_64-debian-clang, r-devel-linux-x86_64-debian-gcc, r-devel-linux-x86_64-fedora-clang, r-devel-linux-x86_64-fedora-gcc, r-devel-macos-arm64, r-devel-macos-x86_64, r-devel-windows-x86_64, r-patched-linux-x86_64, r-release-linux-x86_64, r-release-macos-arm64, r-release-macos-x86_64, r-release-windows-x86_64, r-oldrel-macos-arm64, r-oldrel-macos-x86_64, r-oldrel-windows-x86_64
These binaries (installable software) and packages are in development.
They may not be fully stable and should be used with caution. We make no claims about them.