Last updated on 2025-02-16 08:51:01 CET.
Flavor | Version | Tinstall | Tcheck | Ttotal | Status | Flags |
---|---|---|---|---|---|---|
r-devel-linux-x86_64-debian-clang | 0.2.2 | 4.81 | 26.12 | 30.93 | NOTE | |
r-devel-linux-x86_64-debian-gcc | 0.2.2 | 3.07 | 20.47 | 23.54 | NOTE | |
r-devel-linux-x86_64-fedora-clang | 0.2.2 | 49.91 | NOTE | |||
r-devel-linux-x86_64-fedora-gcc | 0.2.2 | 46.16 | NOTE | |||
r-devel-macos-arm64 | 0.2.2 | 23.00 | NOTE | |||
r-devel-macos-x86_64 | 0.2.2 | 43.00 | NOTE | |||
r-devel-windows-x86_64 | 0.2.2 | 5.00 | 51.00 | 56.00 | NOTE | |
r-patched-linux-x86_64 | 0.2.2 | 5.07 | 24.68 | 29.75 | NOTE | |
r-release-linux-x86_64 | 0.2.2 | 3.91 | 25.17 | 29.08 | NOTE | |
r-release-macos-arm64 | 0.2.2 | 20.00 | NOTE | |||
r-release-macos-x86_64 | 0.2.2 | 28.00 | NOTE | |||
r-release-windows-x86_64 | 0.2.2 | 5.00 | 56.00 | 61.00 | NOTE | |
r-oldrel-macos-arm64 | 0.2.2 | 21.00 | OK | |||
r-oldrel-macos-x86_64 | 0.2.2 | 27.00 | OK | |||
r-oldrel-windows-x86_64 | 0.2.2 | 7.00 | 56.00 | 63.00 | OK |
Version: 0.2.2
Check: Rd files
Result: NOTE
checkRd: (-1) spsOption.Rd:29: Lost braces; missing escapes or markup?
29 | Some functions in {spsUtil}, {spsComps} and {systempPipeShiny} will behave
| ^
checkRd: (-1) spsOption.Rd:29: Lost braces; missing escapes or markup?
29 | Some functions in {spsUtil}, {spsComps} and {systempPipeShiny} will behave
| ^
checkRd: (-1) spsOption.Rd:29: Lost braces; missing escapes or markup?
29 | Some functions in {spsUtil}, {spsComps} and {systempPipeShiny} will behave
| ^
Flavors: r-devel-linux-x86_64-debian-clang, r-devel-linux-x86_64-debian-gcc, r-devel-linux-x86_64-fedora-clang, r-devel-linux-x86_64-fedora-gcc, r-devel-macos-arm64, r-devel-macos-x86_64, r-devel-windows-x86_64, r-patched-linux-x86_64, r-release-linux-x86_64, r-release-macos-arm64, r-release-macos-x86_64, r-release-windows-x86_64
These binaries (installable software) and packages are in development.
They may not be fully stable and should be used with caution. We make no claims about them.