CRAN Package Check Results for Package spselect

Last updated on 2025-05-08 04:52:20 CEST.

Flavor Version Tinstall Tcheck Ttotal Status Flags
r-devel-linux-x86_64-debian-clang 0.0.1 3.57 26.52 30.09 NOTE
r-devel-linux-x86_64-debian-gcc 0.0.1 2.47 20.60 23.07 NOTE
r-devel-linux-x86_64-fedora-clang 0.0.1 46.44 OK
r-devel-linux-x86_64-fedora-gcc 0.0.1 44.06 OK
r-devel-windows-x86_64 0.0.1 4.00 46.00 50.00 OK
r-patched-linux-x86_64 0.0.1 3.42 25.41 28.83 OK
r-release-linux-x86_64 0.0.1 3.09 25.45 28.54 OK
r-release-macos-arm64 0.0.1 18.00 OK
r-release-macos-x86_64 0.0.1 29.00 OK
r-release-windows-x86_64 0.0.1 3.00 50.00 53.00 OK
r-oldrel-macos-arm64 0.0.1 17.00 OK
r-oldrel-macos-x86_64 0.0.1 26.00 OK
r-oldrel-windows-x86_64 0.0.1 4.00 53.00 57.00 OK

Check Details

Version: 0.0.1
Check: CRAN incoming feasibility
Result: NOTE Maintainer: ‘Lauren Grant <pacele@vcu.edu>’ No Authors@R field in DESCRIPTION. Please add one, modifying Authors@R: c(person(given = "Lauren", family = "Grant", role = c("aut", "cre"), email = "pacele@vcu.edu"), person(given = "David", family = "Wheeler", role = "aut")) as necessary. Flavors: r-devel-linux-x86_64-debian-clang, r-devel-linux-x86_64-debian-gcc

These binaries (installable software) and packages are in development.
They may not be fully stable and should be used with caution. We make no claims about them.