CRAN Package Check Results for Package spselect

Last updated on 2025-11-13 03:51:19 CET.

Flavor Version Tinstall Tcheck Ttotal Status Flags
r-devel-linux-x86_64-debian-clang 0.0.1 3.46 28.83 32.29 NOTE
r-devel-linux-x86_64-debian-gcc 0.0.1 2.29 22.49 24.78 NOTE
r-devel-linux-x86_64-fedora-clang 0.0.1 48.11 OK
r-devel-linux-x86_64-fedora-gcc 0.0.1 45.14 OK
r-devel-windows-x86_64 0.0.1 3.00 46.00 49.00 OK
r-patched-linux-x86_64 0.0.1 3.31 26.99 30.30 OK
r-release-linux-x86_64 0.0.1 2.93 27.03 29.96 OK
r-release-macos-arm64 0.0.1 1.00 17.00 18.00 OK
r-release-macos-x86_64 0.0.1 2.00 27.00 29.00 OK
r-release-windows-x86_64 0.0.1 4.00 46.00 50.00 OK
r-oldrel-macos-arm64 0.0.1 1.00 16.00 17.00 OK
r-oldrel-macos-x86_64 0.0.1 2.00 24.00 26.00 OK
r-oldrel-windows-x86_64 0.0.1 4.00 52.00 56.00 OK

Check Details

Version: 0.0.1
Check: CRAN incoming feasibility
Result: NOTE Maintainer: ‘Lauren Grant <pacele@vcu.edu>’ No Authors@R field in DESCRIPTION. Please add one, modifying Authors@R: c(person(given = "Lauren", family = "Grant", role = c("aut", "cre"), email = "pacele@vcu.edu"), person(given = "David", family = "Wheeler", role = "aut")) as necessary. Flavors: r-devel-linux-x86_64-debian-clang, r-devel-linux-x86_64-debian-gcc

These binaries (installable software) and packages are in development.
They may not be fully stable and should be used with caution. We make no claims about them.