Last updated on 2025-10-23 21:51:42 CEST.
Flavor | Version | Tinstall | Tcheck | Ttotal | Status | Flags |
---|---|---|---|---|---|---|
r-devel-linux-x86_64-debian-clang | 0.0.1 | 3.23 | 28.96 | 32.19 | NOTE | |
r-devel-linux-x86_64-debian-gcc | 0.0.1 | 2.32 | 22.25 | 24.57 | NOTE | |
r-devel-linux-x86_64-fedora-clang | 0.0.1 | 10.00 | 38.68 | 48.68 | OK | |
r-devel-linux-x86_64-fedora-gcc | 0.0.1 | 45.87 | OK | |||
r-devel-windows-x86_64 | 0.0.1 | 4.00 | 46.00 | 50.00 | OK | |
r-patched-linux-x86_64 | 0.0.1 | 3.34 | 27.03 | 30.37 | OK | |
r-release-linux-x86_64 | 0.0.1 | 3.18 | 26.97 | 30.15 | OK | |
r-release-macos-arm64 | 0.0.1 | 1.00 | 17.00 | 18.00 | OK | |
r-release-macos-x86_64 | 0.0.1 | 2.00 | 27.00 | 29.00 | OK | |
r-release-windows-x86_64 | 0.0.1 | 4.00 | 48.00 | 52.00 | OK | |
r-oldrel-macos-arm64 | 0.0.1 | 1.00 | 16.00 | 17.00 | OK | |
r-oldrel-macos-x86_64 | 0.0.1 | 2.00 | 24.00 | 26.00 | OK | |
r-oldrel-windows-x86_64 | 0.0.1 | 4.00 | 56.00 | 60.00 | OK |
Version: 0.0.1
Check: CRAN incoming feasibility
Result: NOTE
Maintainer: ‘Lauren Grant <pacele@vcu.edu>’
No Authors@R field in DESCRIPTION.
Please add one, modifying
Authors@R: c(person(given = "Lauren",
family = "Grant",
role = c("aut", "cre"),
email = "pacele@vcu.edu"),
person(given = "David",
family = "Wheeler",
role = "aut"))
as necessary.
Flavors: r-devel-linux-x86_64-debian-clang, r-devel-linux-x86_64-debian-gcc
These binaries (installable software) and packages are in development.
They may not be fully stable and should be used with caution. We make no claims about them.