Last updated on 2025-10-24 13:49:51 CEST.
| Flavor | Version | Tinstall | Tcheck | Ttotal | Status | Flags |
|---|---|---|---|---|---|---|
| r-devel-linux-x86_64-debian-clang | 1.0.0 | 290.16 | 239.12 | 529.28 | NOTE | |
| r-devel-linux-x86_64-debian-gcc | 1.0.0 | 269.57 | 189.18 | 458.75 | NOTE | |
| r-devel-linux-x86_64-fedora-clang | 1.0.0 | 660.00 | 121.10 | 781.10 | NOTE | |
| r-devel-linux-x86_64-fedora-gcc | 1.0.0 | 840.00 | 167.44 | 1007.44 | NOTE | |
| r-devel-windows-x86_64 | 1.0.0 | 313.00 | 279.00 | 592.00 | OK | |
| r-patched-linux-x86_64 | 1.0.0 | 323.91 | 251.97 | 575.88 | OK | |
| r-release-linux-x86_64 | 1.0.0 | 342.55 | 254.29 | 596.84 | OK | |
| r-release-macos-arm64 | 1.0.0 | 114.00 | 96.00 | 210.00 | OK | |
| r-release-macos-x86_64 | 1.0.0 | 182.00 | 174.00 | 356.00 | OK | |
| r-release-windows-x86_64 | 1.0.0 | 303.00 | 274.00 | 577.00 | OK | |
| r-oldrel-macos-arm64 | 1.0.0 | 107.00 | 90.00 | 197.00 | NOTE | |
| r-oldrel-macos-x86_64 | 1.0.0 | 124.00 | 170.00 | 294.00 | NOTE | |
| r-oldrel-windows-x86_64 | 1.0.0 | 354.00 | 350.00 | 704.00 | NOTE |
Version: 1.0.0
Check: CRAN incoming feasibility
Result: NOTE
Maintainer: ‘Renato Panaro <renatovp@ime.usp.br>’
The Description field contains
right-censored data. RV Panaro (2020) <arXiv:2003.10548>.
Please refer to arXiv e-prints via their arXiv DOI <doi:10.48550/arXiv.YYMM.NNNNN>.
Flavors: r-devel-linux-x86_64-debian-clang, r-devel-linux-x86_64-debian-gcc
Version: 1.0.0
Check: DESCRIPTION meta-information
Result: NOTE
Author field differs from that derived from Authors@R
Author: ‘Renato Panaro [aut, cre] (<https://orcid.org/0000-0002-1903-2091>, https://rvpanaro.github.io/), Fábio Demarqui [aut] (<https://orcid.org/0000-0001-9236-1986>), Vinícius Mayrink [aut] (<https://orcid.org/0000-0002-5683-8326>)’
Authors@R: ‘Renato Panaro [aut, cre] (ORCID: <https://orcid.org/0000-0002-1903-2091>, URL: https://rvpanaro.github.io/), Fábio Demarqui [aut] (ORCID: <https://orcid.org/0000-0001-9236-1986>), Vinícius Mayrink [aut] (ORCID: <https://orcid.org/0000-0002-5683-8326>)’
Flavors: r-devel-linux-x86_64-debian-clang, r-devel-linux-x86_64-debian-gcc
Version: 1.0.0
Check: dependencies in R code
Result: NOTE
Namespace in Imports field not imported from: ‘rstantools’
All declared Imports should be used.
Flavors: r-devel-linux-x86_64-fedora-clang, r-devel-linux-x86_64-fedora-gcc
Version: 1.0.0
Check: installed package size
Result: NOTE
installed size is 90.4Mb
sub-directories of 1Mb or more:
doc 1.5Mb
libs 88.5Mb
Flavors: r-oldrel-macos-arm64, r-oldrel-macos-x86_64, r-oldrel-windows-x86_64
Version: 1.0.0
Check: LazyData
Result: NOTE
'LazyData' is specified without a 'data' directory
Flavors: r-oldrel-macos-arm64, r-oldrel-macos-x86_64, r-oldrel-windows-x86_64
Version: 1.0.0
Check: for GNU extensions in Makefiles
Result: NOTE
GNU make is a SystemRequirements.
Flavors: r-oldrel-macos-arm64, r-oldrel-macos-x86_64, r-oldrel-windows-x86_64
These binaries (installable software) and packages are in development.
They may not be fully stable and should be used with caution. We make no claims about them.