CRAN Package Check Results for Package spuRs

Last updated on 2025-02-19 06:51:03 CET.

Flavor Version Tinstall Tcheck Ttotal Status Flags
r-devel-linux-x86_64-debian-clang 2.0.2 2.60 26.76 29.36 NOTE
r-devel-linux-x86_64-debian-gcc 2.0.2 1.96 20.84 22.80 NOTE
r-devel-linux-x86_64-fedora-clang 2.0.2 47.15 NOTE
r-devel-linux-x86_64-fedora-gcc 2.0.2 42.84 NOTE
r-devel-macos-arm64 2.0.2 18.00 NOTE
r-devel-macos-x86_64 2.0.2 31.00 NOTE
r-devel-windows-x86_64 2.0.2 5.00 53.00 58.00 NOTE
r-patched-linux-x86_64 2.0.2 3.18 25.11 28.29 NOTE
r-release-linux-x86_64 2.0.2 2.67 25.35 28.02 NOTE
r-release-macos-arm64 2.0.2 19.00 NOTE
r-release-macos-x86_64 2.0.2 31.00 NOTE
r-release-windows-x86_64 2.0.2 4.00 53.00 57.00 NOTE
r-oldrel-macos-arm64 2.0.2 18.00 OK
r-oldrel-macos-x86_64 2.0.2 26.00 OK
r-oldrel-windows-x86_64 2.0.2 4.00 53.00 57.00 OK

Check Details

Version: 2.0.2
Check: Rd files
Result: NOTE checkRd: (-1) vol.m3.Rd:21: Lost braces in \itemize; meant \describe ? checkRd: (-1) vol.m3.Rd:22: Lost braces in \itemize; meant \describe ? checkRd: (-1) vol.m3.Rd:23: Lost braces in \itemize; meant \describe ? Flavors: r-devel-linux-x86_64-debian-clang, r-devel-linux-x86_64-debian-gcc, r-devel-linux-x86_64-fedora-clang, r-devel-linux-x86_64-fedora-gcc, r-devel-macos-arm64, r-devel-macos-x86_64, r-devel-windows-x86_64, r-patched-linux-x86_64, r-release-linux-x86_64, r-release-macos-arm64, r-release-macos-x86_64, r-release-windows-x86_64

Version: 2.0.2
Check: Rd cross-references
Result: NOTE Found the following Rd file(s) with Rd \link{} targets missing package anchors: fitDistances.Rd: fitdistr Please provide package anchors for all Rd \link{} targets not in the package itself and the base packages. Flavors: r-devel-linux-x86_64-debian-clang, r-devel-linux-x86_64-debian-gcc, r-devel-windows-x86_64

These binaries (installable software) and packages are in development.
They may not be fully stable and should be used with caution. We make no claims about them.