CRAN Package Check Results for Package sqlparseR

Last updated on 2025-10-03 13:49:49 CEST.

Flavor Version Tinstall Tcheck Ttotal Status Flags
r-devel-linux-x86_64-debian-clang 0.1.0 3.59 60.92 64.51 OK
r-devel-linux-x86_64-debian-gcc 0.1.0 4.22 46.46 50.68 OK
r-devel-linux-x86_64-fedora-clang 0.1.0 105.76 OK
r-devel-linux-x86_64-fedora-gcc 0.1.0 97.76 OK
r-devel-windows-x86_64 0.1.0 6.00 99.00 105.00 OK
r-patched-linux-x86_64 0.1.0 5.33 59.99 65.32 OK
r-release-linux-x86_64 0.1.0 5.19 59.24 64.43 OK
r-release-macos-arm64 0.1.0 35.00 OK
r-release-macos-x86_64 0.1.0 75.00 OK
r-release-windows-x86_64 0.1.0 6.00 99.00 105.00 OK
r-oldrel-macos-arm64 0.1.0 31.00 NOTE
r-oldrel-macos-x86_64 0.1.0 46.00 NOTE
r-oldrel-windows-x86_64 0.1.0 8.00 98.00 106.00 NOTE

Check Details

Version: 0.1.0
Check: LazyData
Result: NOTE 'LazyData' is specified without a 'data' directory Flavors: r-oldrel-macos-arm64, r-oldrel-macos-x86_64, r-oldrel-windows-x86_64

These binaries (installable software) and packages are in development.
They may not be fully stable and should be used with caution. We make no claims about them.