CRAN Package Check Results for Package squash

Last updated on 2025-05-08 04:52:20 CEST.

Flavor Version Tinstall Tcheck Ttotal Status Flags
r-devel-linux-x86_64-debian-clang 1.0.9 2.38 25.53 27.91 NOTE
r-devel-linux-x86_64-debian-gcc 1.0.9 1.97 19.25 21.22 NOTE
r-devel-linux-x86_64-fedora-clang 1.0.9 44.58 OK
r-devel-linux-x86_64-fedora-gcc 1.0.9 41.08 OK
r-devel-windows-x86_64 1.0.9 3.00 48.00 51.00 OK
r-patched-linux-x86_64 1.0.9 2.91 23.60 26.51 OK
r-release-linux-x86_64 1.0.9 2.52 24.30 26.82 OK
r-release-macos-arm64 1.0.9 17.00 OK
r-release-macos-x86_64 1.0.9 29.00 OK
r-release-windows-x86_64 1.0.9 5.00 51.00 56.00 OK
r-oldrel-macos-arm64 1.0.9 17.00 OK
r-oldrel-macos-x86_64 1.0.9 27.00 OK
r-oldrel-windows-x86_64 1.0.9 4.00 48.00 52.00 OK

Check Details

Version: 1.0.9
Check: CRAN incoming feasibility
Result: NOTE Maintainer: ‘Aron C. Eklund <aroneklund@gmail.com>’ No Authors@R field in DESCRIPTION. Please add one, modifying Authors@R: person(given = c("Aron", "C."), family = "Eklund", role = c("aut", "cre"), email = "aroneklund@gmail.com") as necessary. Flavors: r-devel-linux-x86_64-debian-clang, r-devel-linux-x86_64-debian-gcc

These binaries (installable software) and packages are in development.
They may not be fully stable and should be used with caution. We make no claims about them.