Last updated on 2025-11-12 12:53:24 CET.
| Flavor | Version | Tinstall | Tcheck | Ttotal | Status | Flags |
|---|---|---|---|---|---|---|
| r-devel-linux-x86_64-debian-clang | 0.4.0 | 81.46 | 196.80 | 278.26 | OK | |
| r-devel-linux-x86_64-debian-gcc | 0.4.0 | 54.08 | 130.49 | 184.57 | OK | |
| r-devel-linux-x86_64-fedora-clang | 0.4.0 | 496.00 | 17.79 | 513.79 | OK | |
| r-devel-linux-x86_64-fedora-gcc | 0.4.0 | 175.00 | 275.72 | 450.72 | OK | |
| r-devel-windows-x86_64 | 0.4.0 | 89.00 | 213.00 | 302.00 | OK | |
| r-patched-linux-x86_64 | 0.4.0 | 75.60 | 186.36 | 261.96 | OK | |
| r-release-linux-x86_64 | 0.4.0 | 72.90 | 186.15 | 259.05 | OK | |
| r-release-macos-arm64 | 0.4.0 | 33.00 | 82.00 | 115.00 | OK | |
| r-release-macos-x86_64 | 0.4.0 | 39.00 | 171.00 | 210.00 | OK | |
| r-release-windows-x86_64 | 0.4.0 | 88.00 | 219.00 | 307.00 | OK | |
| r-oldrel-macos-arm64 | 0.4.0 | 33.00 | 76.00 | 109.00 | NOTE | |
| r-oldrel-macos-x86_64 | 0.4.0 | 34.00 | 164.00 | 198.00 | NOTE | |
| r-oldrel-windows-x86_64 | 0.4.0 | 105.00 | 292.00 | 397.00 | OK |
Version: 0.4.0
Check: installed package size
Result: NOTE
installed size is 13.9Mb
sub-directories of 1Mb or more:
data 1.1Mb
help 1.2Mb
libs 11.5Mb
Flavors: r-oldrel-macos-arm64, r-oldrel-macos-x86_64
These binaries (installable software) and packages are in development.
They may not be fully stable and should be used with caution. We make no claims about them.