Last updated on 2025-05-01 22:49:57 CEST.
Flavor | Version | Tinstall | Tcheck | Ttotal | Status | Flags |
---|---|---|---|---|---|---|
r-devel-linux-x86_64-debian-clang | 1.1-1 | 7.71 | 69.97 | 77.68 | NOTE | |
r-devel-linux-x86_64-debian-gcc | 1.1-1 | 5.92 | 49.38 | 55.30 | NOTE | |
r-devel-linux-x86_64-fedora-clang | 1.1-1 | 126.10 | OK | |||
r-devel-linux-x86_64-fedora-gcc | 1.1-1 | 119.14 | OK | |||
r-devel-windows-x86_64 | 1.1-1 | 9.00 | 79.00 | 88.00 | OK | |
r-patched-linux-x86_64 | 1.1-1 | 7.90 | 66.19 | 74.09 | OK | |
r-release-linux-x86_64 | OK | |||||
r-release-macos-arm64 | 1.1-1 | 40.00 | OK | |||
r-release-macos-x86_64 | 1.1-1 | 73.00 | OK | |||
r-release-windows-x86_64 | 1.1-1 | 9.00 | 79.00 | 88.00 | OK | |
r-oldrel-macos-arm64 | 1.1-1 | 37.00 | OK | |||
r-oldrel-macos-x86_64 | 1.1-1 | 54.00 | OK | |||
r-oldrel-windows-x86_64 | 1.1-1 | 10.00 | 97.00 | 107.00 | OK |
Version: 1.1-1
Check: CRAN incoming feasibility
Result: NOTE
Maintainer: ‘Mirrelijn M. van Nee <m.vannee@amsterdamumc.nl>’
The Description field contains
Nee et al. (2021) <arXiv:2101.03875>.
Please refer to arXiv e-prints via their arXiv DOI <doi:10.48550/arXiv.YYMM.NNNNN>.
Flavors: r-devel-linux-x86_64-debian-clang, r-devel-linux-x86_64-debian-gcc
These binaries (installable software) and packages are in development.
They may not be fully stable and should be used with caution. We make no claims about them.