CRAN Package Check Results for Package squeezy

Last updated on 2025-07-22 13:49:25 CEST.

Flavor Version Tinstall Tcheck Ttotal Status Flags
r-devel-linux-x86_64-debian-clang 1.1-1 7.73 70.51 78.24 NOTE
r-devel-linux-x86_64-debian-gcc 1.1-1 5.54 52.50 58.04 NOTE
r-devel-linux-x86_64-fedora-clang 1.1-1 123.75 OK
r-devel-linux-x86_64-fedora-gcc 1.1-1 118.27 OK
r-devel-windows-x86_64 1.1-1 8.00 78.00 86.00 OK
r-patched-linux-x86_64 1.1-1 8.09 67.42 75.51 OK
r-release-linux-x86_64 1.1-1 7.77 67.16 74.93 OK
r-release-macos-arm64 1.1-1 40.00 OK
r-release-macos-x86_64 1.1-1 73.00 OK
r-release-windows-x86_64 1.1-1 8.00 79.00 87.00 OK
r-oldrel-macos-arm64 1.1-1 37.00 OK
r-oldrel-macos-x86_64 1.1-1 54.00 OK
r-oldrel-windows-x86_64 1.1-1 11.00 104.00 115.00 OK

Check Details

Version: 1.1-1
Check: CRAN incoming feasibility
Result: NOTE Maintainer: ‘Mirrelijn M. van Nee <m.vannee@amsterdamumc.nl>’ The Description field contains Nee et al. (2021) <arXiv:2101.03875>. Please refer to arXiv e-prints via their arXiv DOI <doi:10.48550/arXiv.YYMM.NNNNN>. Flavors: r-devel-linux-x86_64-debian-clang, r-devel-linux-x86_64-debian-gcc

These binaries (installable software) and packages are in development.
They may not be fully stable and should be used with caution. We make no claims about them.