Last updated on 2025-11-11 15:50:49 CET.
| Flavor | Version | Tinstall | Tcheck | Ttotal | Status | Flags |
|---|---|---|---|---|---|---|
| r-devel-linux-x86_64-debian-clang | 0.1.4.1 | 3.80 | 36.11 | 39.91 | NOTE | |
| r-devel-linux-x86_64-debian-gcc | 0.1.4.1 | 2.68 | 26.99 | 29.67 | NOTE | |
| r-devel-linux-x86_64-fedora-clang | 0.1.4.1 | 60.02 | OK | |||
| r-devel-linux-x86_64-fedora-gcc | 0.1.4.1 | 57.75 | OK | |||
| r-devel-windows-x86_64 | 0.1.4.1 | 4.00 | 56.00 | 60.00 | OK | |
| r-patched-linux-x86_64 | 0.1.4.1 | 4.11 | 34.07 | 38.18 | OK | |
| r-release-linux-x86_64 | 0.1.4.1 | 3.88 | 33.93 | 37.81 | OK | |
| r-release-macos-arm64 | 0.1.4.1 | 2.00 | 20.00 | 22.00 | OK | |
| r-release-macos-x86_64 | 0.1.4.1 | 4.00 | 37.00 | 41.00 | OK | |
| r-release-windows-x86_64 | 0.1.4.1 | 6.00 | 55.00 | 61.00 | OK | |
| r-oldrel-macos-arm64 | 0.1.4.1 | 2.00 | 18.00 | 20.00 | OK | |
| r-oldrel-macos-x86_64 | 0.1.4.1 | 3.00 | 33.00 | 36.00 | OK | |
| r-oldrel-windows-x86_64 | 0.1.4.1 | 4.00 | 55.00 | 59.00 | OK |
Version: 0.1.4.1
Check: CRAN incoming feasibility
Result: NOTE
Maintainer: ‘Arnaud Le Rouzic <arnaud.le-rouzic@universite-paris-saclay.fr>’
No Authors@R field in DESCRIPTION.
Please add one, modifying
Authors@R: person(given = "Arnaud",
family = "Le Rouzic",
role = c("aut", "cre"),
email = "arnaud.le-rouzic@universite-paris-saclay.fr")
as necessary.
Flavors: r-devel-linux-x86_64-debian-clang, r-devel-linux-x86_64-debian-gcc
These binaries (installable software) and packages are in development.
They may not be fully stable and should be used with caution. We make no claims about them.