Last updated on 2025-11-11 15:50:49 CET.
| Flavor | Version | Tinstall | Tcheck | Ttotal | Status | Flags |
|---|---|---|---|---|---|---|
| r-devel-linux-x86_64-debian-clang | 0.2 | 4.13 | 203.39 | 207.52 | OK | |
| r-devel-linux-x86_64-debian-gcc | 0.2 | 2.93 | 151.97 | 154.90 | OK | |
| r-devel-linux-x86_64-fedora-clang | 0.2 | 33.00 | 330.99 | 363.99 | OK | |
| r-devel-linux-x86_64-fedora-gcc | 0.2 | 427.36 | OK | |||
| r-devel-windows-x86_64 | 0.2 | 8.00 | 252.00 | 260.00 | OK | |
| r-patched-linux-x86_64 | 0.2 | 4.12 | 193.98 | 198.10 | OK | |
| r-release-linux-x86_64 | 0.2 | 3.49 | 193.78 | 197.27 | OK | |
| r-release-macos-arm64 | 0.2 | 2.00 | 172.00 | 174.00 | OK | |
| r-release-macos-x86_64 | 0.2 | 5.00 | 497.00 | 502.00 | OK | |
| r-release-windows-x86_64 | 0.2 | 6.00 | 255.00 | 261.00 | OK | |
| r-oldrel-macos-arm64 | 0.2 | 10.00 | ERROR | |||
| r-oldrel-macos-x86_64 | 0.2 | 14.00 | ERROR | |||
| r-oldrel-windows-x86_64 | 0.2 | 11.00 | 328.00 | 339.00 | OK |
Version: 0.2
Check: package dependencies
Result: ERROR
Package required but not available: ‘clitable’
See section ‘The DESCRIPTION file’ in the ‘Writing R Extensions’
manual.
Flavors: r-oldrel-macos-arm64, r-oldrel-macos-x86_64
These binaries (installable software) and packages are in development.
They may not be fully stable and should be used with caution. We make no claims about them.